000
CDGM40 PGUM 010633
CLIGUM


CLIMATE REPORT
NATIONAL WEATHER SERVICE TIYAN, GUAM
433 PM CHST WED APR 1 2015


...................................

...THE GUAM INTERNATIONAL AIRPORT GU CLIMATE SUMMARY FOR APRIL 1 2015...
VALID TODAY AS OF 0400 PM LOCAL TIME.

CLIMATE NORMAL PERIOD 1981 TO 2010
CLIMATE RECORD PERIOD 1945 TO 2015


WEATHER ITEM   OBSERVED TIME   RECORD YEAR NORMAL DEPARTURE LAST
                VALUE   (LST)  VALUE       VALUE  FROM      YEAR
                                                  NORMAL
..................................................................
TEMPERATURE (F)
 TODAY
  MAXIMUM         85   1224 PM  96    1990  87     -2       90
  MINIMUM         75    525 AM  71    1992  76     -1       77
                                      1965
  AVERAGE         80                        81     -1       84

PRECIPITATION (IN)
  TODAY            0.73          2.18 2011   0.08   0.65     0.00
  MONTH TO DATE    0.73                      0.08   0.65     0.00
  SINCE MAR 1      4.82                      2.85   1.97     2.91
  SINCE JAN 1     13.56                     12.34   1.22    24.94

SNOWFALL (IN)
  TODAY            0.0
  MONTH TO DATE    0.0
  SINCE MAR 1      0.0
  SINCE JUL 1      0.0
  SNOW DEPTH       0

DEGREE DAYS
 HEATING
  TODAY            0
  MONTH TO DATE    0
  SINCE MAR 1      0
  SINCE JUL 1      0

 COOLING
  TODAY           15                        16     -1       19
  MONTH TO DATE   15                        16     -1       19
  SINCE MAR 1    519                       503     16      546
  SINCE JAN 1   1472                      1393     79     1493
..................................................................


WIND (MPH)
  RESULTANT WIND SPEED  14   RESULTANT WIND DIRECTION   E (90)
  HIGHEST WIND SPEED    24   HIGHEST WIND DIRECTION     E (90)
  HIGHEST GUST SPEED    36   HIGHEST GUST DIRECTION     E (90)
  AVERAGE WIND SPEED    14.5


SKY COVER
  POSSIBLE SUNSHINE  MM
  AVERAGE SKY COVER 0.7


WEATHER CONDITIONS
 THE FOLLOWING WEATHER WAS RECORDED TODAY.
  HEAVY RAIN
  RAIN
  LIGHT RAIN


RELATIVE HUMIDITY (PERCENT)
 HIGHEST    97           800 AM
 LOWEST     74          1100 AM
 AVERAGE    86

..........................................................


THE GUAM INTERNATIONAL AIRPORT GU CLIMATE NORMALS FOR TOMORROW
                         NORMAL    RECORD    YEAR
 MAXIMUM TEMPERATURE (F)   87        91      1987
                                             1969
 MINIMUM TEMPERATURE (F)   76        71      1994


SUNRISE AND SUNSET
APRIL  1 2015.........SUNRISE   617 AM CHST  SUNSET   633 PM CHST
APRIL  2 2015.........SUNRISE   617 AM CHST  SUNSET   633 PM CHST


-  INDICATES NEGATIVE NUMBERS.
R  INDICATES RECORD WAS SET OR TIED.
MM INDICATES DATA IS MISSING.
T  INDICATES TRACE AMOUNT.




$$
