000
CDUS42 KFFC 280829
CLIGVL


CLIMATE REPORT
NATIONAL WEATHER SERVICE PEACHTREE CITY GA
429 AM EDT TUE APR 28 2015


...................................

...THE GAINESVILLE   CLIMATE SUMMARY FOR APRIL 27 2015...

CLIMATE NORMAL PERIOD 1981 TO 2010
CLIMATE RECORD PERIOD 9999 TO 9999


WEATHER ITEM   OBSERVED TIME   RECORD YEAR NORMAL DEPARTURE LAST
                VALUE   (LST)  VALUE       VALUE  FROM      YEAR
                                                  NORMAL
..................................................................
TEMPERATURE (F)
 YESTERDAY
  MAXIMUM         71    227 PM  MM      MM  74     -3       82
  MINIMUM         54    603 AM  MM      MM  53      1       55
  AVERAGE         63                        63      0       69

PRECIPITATION (IN)
  YESTERDAY        0.00         MM      MM   0.13  -0.13     0.01
  MONTH TO DATE    5.04                      3.21   1.83     5.51
  SINCE MAR 1      6.79                      8.63  -1.84     8.76
  SINCE JAN 1     14.97                     18.53  -3.56    14.75

SNOWFALL (IN)
  YESTERDAY       MM            MM      MM  MM     MM       MM
  MONTH TO DATE    0.0                      MM     MM        0.0
  SINCE MAR 1      0.0                      MM     MM        0.0
  SINCE JUL 1      T                        MM     MM         T
  SNOW DEPTH      MM

DEGREE DAYS
 HEATING
  YESTERDAY        2                         3     -1        0
  MONTH TO DATE   83                       165    -82      141
  SINCE MAR 1    380                       553   -173      598
  SINCE JUL 1   3010                      3017     -7     3267

 COOLING
  YESTERDAY        0                         2     -2        4
  MONTH TO DATE   44                        28     16       21
  SINCE MAR 1     46                        33     13       21
  SINCE JAN 1     46                        33     13       21
..................................................................


WIND (MPH)
  RESULTANT WIND SPEED   3   RESULTANT WIND DIRECTION  NW (310)
  HIGHEST WIND SPEED    16   HIGHEST WIND DIRECTION     W (250)
  HIGHEST GUST SPEED    22   HIGHEST GUST DIRECTION     W (250)
  AVERAGE WIND SPEED     6.3


SKY COVER
  AVERAGE SKY COVER 0.3


WEATHER CONDITIONS
 THE FOLLOWING WEATHER WAS RECORDED YESTERDAY.
  NO SIGNIFICANT WEATHER WAS OBSERVED.


RELATIVE HUMIDITY (PERCENT)
 HIGHEST    89           500 AM
 LOWEST     26           400 PM
 AVERAGE    58

..........................................................


THE GAINESVILLE   CLIMATE NORMALS FOR TODAY
                         NORMAL    RECORD    YEAR
 MAXIMUM TEMPERATURE (F)   74        MM        MM
 MINIMUM TEMPERATURE (F)   53        MM        MM


SUNRISE AND SUNSET
APRIL 28 2015.........SUNRISE   649 AM EDT   SUNSET   817 PM EDT
APRIL 29 2015.........SUNRISE   648 AM EDT   SUNSET   818 PM EDT


-  INDICATES NEGATIVE NUMBERS.
R  INDICATES RECORD WAS SET OR TIED.
MM INDICATES DATA IS MISSING.
T  INDICATES TRACE AMOUNT.




$$
