000
CDUS41 KGYX 210806
CLIGYX


CLIMATE REPORT
NATIONAL WEATHER SERVICE GRAY ME
406 AM EDT TUE APR 21 2015


...................................

...THE GRAY ME CLIMATE SUMMARY FOR APRIL 20 2015...

CLIMATE NORMAL PERIOD 1981 TO 2010
CLIMATE RECORD PERIOD 1995 TO 2015


WEATHER ITEM   OBSERVED TIME   RECORD YEAR NORMAL DEPARTURE LAST
                VALUE   (LST)  VALUE       VALUE  FROM      YEAR
                                                  NORMAL
..................................................................
TEMPERATURE (F)
 YESTERDAY
  MAXIMUM         44        MM  MM      MM  56    -12       54
  MINIMUM         42        MM  MM      MM  37      5       32
  AVERAGE         43                        46     -3       43

PRECIPITATION (IN)
  YESTERDAY        1.10         MM      MM   0.14   0.96     0.00
  MONTH TO DATE    1.95                      2.95  -1.00     2.40
  SINCE MAR 1      3.47                      7.12  -3.65     6.28
  SINCE JAN 1      9.44                     13.96  -4.52    13.27

SNOWFALL (IN)
  YESTERDAY        0.0          MM      MM   0.1   -0.1      0.0
  MONTH TO DATE    3.0                       4.2   -1.2      1.2
  SINCE MAR 1      8.2                      24.1  -15.9      8.9
  SINCE JUL 1    107.3                      83.2   24.1     83.0
  SNOW DEPTH       0

DEGREE DAYS
 HEATING
  YESTERDAY       22                        19      3       22
  MONTH TO DATE  456                       456      0      469
  SINCE MAR 1   1591                      1449    142     1695
  SINCE JUL 1   7067                      6607    460     7105

 COOLING
  YESTERDAY        0                         0      0        0
  MONTH TO DATE    0                         0      0        0
  SINCE MAR 1      0                         0      0        0
  SINCE JAN 1      0                         0      0        0
..................................................................







THE GRAY ME CLIMATE NORMALS FOR TODAY
                         NORMAL
 MAXIMUM TEMPERATURE (F)   56
 MINIMUM TEMPERATURE (F)   37


SUNRISE AND SUNSET
APRIL 21 2015.........SUNRISE   549 AM EDT   SUNSET   732 PM EDT
APRIL 22 2015.........SUNRISE   547 AM EDT   SUNSET   733 PM EDT


-  INDICATES NEGATIVE NUMBERS.
R  INDICATES RECORD WAS SET OR TIED.
MM INDICATES DATA IS MISSING.
T  INDICATES TRACE AMOUNT.




$$
