000
CDUS44 KHGX 261311
CLIHOU

CLIMATE REPORT
NATIONAL WEATHER SERVICE HOUSTON/GALVESTON TX
810 AM CDT SUN APR 26 2015


...MORNING CLIMATE DATA...

                            MORNING LOW    PRECIP SINCE MIDNIGHT
HOUSTON INTERCONTINENTAL         67                0.00
GALVESTON SCHOLES FIELD          73                0.00
BRYAN/COLLEGE STATION            68                0.00
HOUSTON HOBBY                    68                0.00...................................

...THE HOUSTON INTERCONTINENTAL CLIMATE SUMMARY FOR APRIL 25 2015...

CLIMATE NORMAL PERIOD 1981 TO 2010
CLIMATE RECORD PERIOD 1892 TO 2015


WEATHER ITEM   OBSERVED TIME   RECORD YEAR NORMAL DEPARTURE LAST
                VALUE   (LST)  VALUE       VALUE  FROM      YEAR
                                                  NORMAL
..................................................................
TEMPERATURE (F)
 YESTERDAY
  MAXIMUM         88    237 PM  90    2006  82      6       88
                                      1945
                                      1932
  MINIMUM         67    830 AM  41    1910  62      5       66
  AVERAGE         78                        72      6       77

PRECIPITATION (IN)
  YESTERDAY        0.21          2.50 1905   0.13   0.08     0.00
  MONTH TO DATE    6.08                      2.67   3.41     1.56
  SINCE MAR 1     12.42                      6.08   6.34     4.01
  SINCE JAN 1     16.25                     12.66   3.59     7.36

SNOWFALL (IN)
  YESTERDAY        0.0          MM      MM
  MONTH TO DATE    0.0
  SINCE MAR 1      0.0
  SINCE JUL 1      0.0

DEGREE DAYS
 HEATING
  YESTERDAY        0                         0      0        0
  MONTH TO DATE    3                        35    -32       41
  SINCE MAR 1    142                       176    -34      255
  SINCE JUL 1   1461                      1364     97     1735

 COOLING
  YESTERDAY       13                         7      6       12
  MONTH TO DATE  215                       133     82      129
  SINCE MAR 1    283                       204     79      161
  SINCE JAN 1    293                       242     51      195
..................................................................


WIND (MPH)
  HIGHEST WIND SPEED    22   HIGHEST WIND DIRECTION     W (270)
  HIGHEST GUST SPEED    31   HIGHEST GUST DIRECTION     W (270)




RELATIVE HUMIDITY (PERCENT)
 HIGHEST    94
 LOWEST     50
 AVERAGE    72

..........................................................


THE HOUSTON INTERCONTINENTAL CLIMATE NORMALS FOR TODAY
                         NORMAL    RECORD    YEAR
 MAXIMUM TEMPERATURE (F)   82        91      1988
                                             1944
 MINIMUM TEMPERATURE (F)   62        46      1978
                                             1977


SUNRISE AND SUNSET
APRIL 26 2015.........SUNRISE   643 AM CDT   SUNSET   755 PM CDT
APRIL 27 2015.........SUNRISE   642 AM CDT   SUNSET   756 PM CDT


-  INDICATES NEGATIVE NUMBERS.
R  INDICATES RECORD WAS SET OR TIED.
MM INDICATES DATA IS MISSING.
T  INDICATES TRACE AMOUNT.


&&

...................................

...THE HOUSTON/HOBBY AIRPORT CLIMATE SUMMARY FOR APRIL 25 2015...

CLIMATE NORMAL PERIOD 1981 TO 2010
CLIMATE RECORD PERIOD 1930 TO 2015


WEATHER ITEM   OBSERVED TIME   RECORD YEAR NORMAL DEPARTURE LAST
                VALUE   (LST)  VALUE       VALUE  FROM      YEAR
                                                  NORMAL
..................................................................
TEMPERATURE (F)
 YESTERDAY
  MAXIMUM         83    422 PM  91    1932  81      2       86
  MINIMUM         67    735 AM  46    1937  63      4       68
  AVERAGE         75                        72      3       77

PRECIPITATION (IN)
  YESTERDAY        0.28          3.90 1997   0.11   0.17     0.00
  MONTH TO DATE    8.07                      2.62   5.45     1.30
  SINCE MAR 1     14.45                      5.82   8.63     3.84
  SINCE JAN 1     20.33                     12.90   7.43     6.46

SNOWFALL (IN)
  YESTERDAY        0.0          MM      MM
  MONTH TO DATE    0.0
  SINCE MAR 1      0.0
  SINCE JUL 1      0.0

DEGREE DAYS
 HEATING
  YESTERDAY        0                         0      0        0
  MONTH TO DATE    0                        27    -27       31
  SINCE MAR 1    115                       148    -33      218
  SINCE JUL 1   1300                      1218     82     1545

 COOLING
  YESTERDAY       10                         7      3       12
  MONTH TO DATE  223                       134     89      120
  SINCE MAR 1    298                       203     95      158
  SINCE JAN 1    308                       241     67      197
..................................................................


WIND (MPH)
  HIGHEST WIND SPEED    32   HIGHEST WIND DIRECTION    NW (310)
  HIGHEST GUST SPEED    43   HIGHEST GUST DIRECTION    NW (300)




RELATIVE HUMIDITY (PERCENT)
 HIGHEST    97
 LOWEST     63
 AVERAGE    80

..........................................................


THE HOUSTON/HOBBY AIRPORT CLIMATE NORMALS FOR TODAY
                         NORMAL    RECORD    YEAR
 MAXIMUM TEMPERATURE (F)   81        91      1944
 MINIMUM TEMPERATURE (F)   64        46      1937


SUNRISE AND SUNSET
APRIL 26 2015.........SUNRISE   644 AM CDT   SUNSET   755 PM CDT
APRIL 27 2015.........SUNRISE   643 AM CDT   SUNSET   755 PM CDT


-  INDICATES NEGATIVE NUMBERS.
R  INDICATES RECORD WAS SET OR TIED.
MM INDICATES DATA IS MISSING.
T  INDICATES TRACE AMOUNT.

...MISCELLANEOUS CLIMATE DATA FOR YESTERDAY...

LOCATION                        HIGH    LOW     PRECIP
PEARLAND                         83      68      0.32
SUGAR LAND                       84      65      0.91
TOMBALL                          87      66      0.50
CONROE                           87      68      0.20
HUNTSVILLE                       87      71      0.16
ANGLETON/LAKE JACKSON            79      64      1.60
PALACIOS                         80      68      0.16
LEAGUE CITY (NWS)                81      66      0.42


THIS PRODUCT...ALONG WITH OTHER WEATHER...HYDROLOGIC...AND CLIMATE
PRODUCTS...IS AVAILABLE ON THE WEB AT HTTP://WWW.SRH.NOAA.GOV/HGX
OR AT HTTP://WEATHER.GOV

$$
