000
CDUS41 KCAR 030527
CLIHUL


CLIMATE REPORT
NATIONAL WEATHER SERVICE CARIBOU, ME
127 AM EDT SUN MAY 3 2015


...................................

...THE HOULTON ME CLIMATE SUMMARY FOR MAY 2 2015...

CLIMATE NORMAL PERIOD 1981 TO 2010
CLIMATE RECORD PERIOD 1948 TO 2015


WEATHER ITEM   OBSERVED TIME   RECORD YEAR NORMAL DEPARTURE LAST
                VALUE   (LST)  VALUE       VALUE  FROM      YEAR
                                                  NORMAL
..................................................................
TEMPERATURE (F)
 YESTERDAY
  MAXIMUM         68    317 PM  86    1970  59      9       61
  MINIMUM         34    341 AM  18    1972  34      0       41
  AVERAGE         51                        46      5       51

PRECIPITATION (IN)
  YESTERDAY        0.00          1.24 1989   0.10  -0.10     0.04
  MONTH TO DATE    0.00                      0.20  -0.20     0.47
  SINCE MAR 1      3.34                      6.67  -3.33     6.56
  SINCE JAN 1      5.44                     11.53  -6.09    12.14

SNOWFALL (IN)
  YESTERDAY       MM             T    1988   0.0   MM       MM
  MONTH TO DATE   MM                         0.0   MM       MM
  SINCE MAR 1     MM                        23.8   MM       MM
  SINCE JUL 1     MM                        89.4   MM       MM
  SNOW DEPTH      MM

DEGREE DAYS
 HEATING
  YESTERDAY       14                        19     -5       14
  MONTH TO DATE   37                        38     -1       37
  SINCE MAR 1   2272                      2038    234     2339
  SINCE JUL 1   8840                      8611    229     8929

 COOLING
  YESTERDAY        0                         0      0        0
  MONTH TO DATE    0                         0      0        0
  SINCE MAR 1      0                         0      0        0
  SINCE JAN 1      0                         0      0        0
..................................................................


WIND (MPH)
  HIGHEST WIND SPEED    14   HIGHEST WIND DIRECTION     S (160)
  HIGHEST GUST SPEED    22   HIGHEST GUST DIRECTION    SE (150)
  AVERAGE WIND SPEED     5.8


SKY COVER
  POSSIBLE SUNSHINE  MM
  AVERAGE SKY COVER 0.1


WEATHER CONDITIONS
 THE FOLLOWING WEATHER WAS RECORDED YESTERDAY.
  NO SIGNIFICANT WEATHER WAS OBSERVED.


RELATIVE HUMIDITY (PERCENT)
 HIGHEST    82           200 AM
 LOWEST     32           300 PM
 AVERAGE    57

..........................................................


THE HOULTON ME CLIMATE NORMALS FOR TODAY
                         NORMAL    RECORD    YEAR
 MAXIMUM TEMPERATURE (F)   59        89      2001
 MINIMUM TEMPERATURE (F)   35        21      1966


SUNRISE AND SUNSET
MAY  3 2015...........SUNRISE   515 AM EDT   SUNSET   742 PM EDT
MAY  4 2015...........SUNRISE   514 AM EDT   SUNSET   743 PM EDT


-  INDICATES NEGATIVE NUMBERS.
R  INDICATES RECORD WAS SET OR TIED.
MM INDICATES DATA IS MISSING.
T  INDICATES TRACE AMOUNT.




$$
