000
CDUS45 KTFX 010905
CLIHVR


CLIMATE REPORT
NATIONAL WEATHER SERVICE GREAT FALLS MT
302 AM MDT WED APR 1 2015


...................................

...THE HAVRE MT CLIMATE SUMMARY FOR MARCH 31 2015...

CLIMATE NORMAL PERIOD 1981 TO 2010
CLIMATE RECORD PERIOD 1880 TO 2015


WEATHER ITEM   OBSERVED TIME   RECORD YEAR NORMAL DEPARTURE LAST
                VALUE   (LST)  VALUE       VALUE  FROM      YEAR
                                                  NORMAL
..................................................................
TEMPERATURE (F)
 YESTERDAY
  MAXIMUM         78R   342 PM  75    1976  52     26       40
  MINIMUM         35    427 AM -16    1899  27      8       21
  AVERAGE         57                        39     18       31

PRECIPITATION (IN)
  YESTERDAY        T             0.58 1945   0.02  -0.02      T
  MONTH TO DATE    0.53                      0.54  -0.01     1.14
  SINCE OCT 1      3.73                      2.56   1.17     3.81
  SINCE JAN 1      2.16                      1.15   1.01     1.80

SNOWFALL (IN)
  YESTERDAY        0.0           5.1  1945   0.2   -0.2       T
  MONTH TO DATE    T                         6.3   -6.3      7.0
  SINCE MAR 1      T                         6.3   -6.3      7.0
  SINCE JUL 1     20.6                      34.2  -13.6     44.4
  SNOW DEPTH       0

DEGREE DAYS
 HEATING
  YESTERDAY        8                        26    -18       34
  MONTH TO DATE  732                       999   -267     1162
  SINCE MAR 1    732                       998   -266     1162
  SINCE JUL 1   6400                      7118   -718     7403

 COOLING
  YESTERDAY        0                         0      0        0
  MONTH TO DATE    0                         0      0        0
  SINCE MAR 1      0                         0      0        0
  SINCE JAN 1      0                         0      0        0
..................................................................


WIND (MPH)
  HIGHEST WIND SPEED    29   HIGHEST WIND DIRECTION    NW (300)
  HIGHEST GUST SPEED    35   HIGHEST GUST DIRECTION     W (280)
  AVERAGE WIND SPEED     8.8


SKY COVER
  AVERAGE SKY COVER 0.2


WEATHER CONDITIONS
 THE FOLLOWING WEATHER WAS RECORDED YESTERDAY.
  NO SIGNIFICANT WEATHER WAS OBSERVED.


RELATIVE HUMIDITY (PERCENT)
 HIGHEST    85           600 AM
 LOWEST     16           300 PM
 AVERAGE    51

..........................................................


THE HAVRE MT CLIMATE NORMALS FOR TODAY
                         NORMAL    RECORD    YEAR
 MAXIMUM TEMPERATURE (F)   52        72      1991
 MINIMUM TEMPERATURE (F)   27       -11      1899


SUNRISE AND SUNSET
APRIL  1 2015.........SUNRISE   657 AM MDT   SUNSET   749 PM MDT
APRIL  2 2015.........SUNRISE   655 AM MDT   SUNSET   751 PM MDT


-  INDICATES NEGATIVE NUMBERS.
R  INDICATES RECORD WAS SET OR TIED.
MM INDICATES DATA IS MISSING.
T  INDICATES TRACE AMOUNT.




$$
