000
CDUS45 KPIH 260733
CLIIDA


CLIMATE REPORT
NATIONAL WEATHER SERVICE POCATELLO ID
132 AM MDT SUN APR 26 2015


...................................

...THE IDAHO FALLS ID CLIMATE SUMMARY FOR APRIL 25 2015...

CLIMATE NORMAL PERIOD 1981 TO 2010
CLIMATE RECORD PERIOD 1948 TO 2015


WEATHER ITEM   OBSERVED TIME   RECORD YEAR NORMAL DEPARTURE LAST
                VALUE   (LST)  VALUE       VALUE  FROM      YEAR
                                                  NORMAL
..................................................................
TEMPERATURE (F)
 YESTERDAY
  MAXIMUM         57    451 PM  82    1977  61     -4       57
  MINIMUM         38    458 AM  23    2009  33      5       40
  AVERAGE         48                        47      1       49

PRECIPITATION (IN)
  YESTERDAY        T             0.59 1976   0.04  -0.04     0.18
  MONTH TO DATE    0.32                      0.89  -0.57     0.58
  SINCE OCT 1      2.30                      5.67  -3.37     4.17
  SINCE JAN 1      0.84                      3.10  -2.26     2.87

SNOWFALL (IN)
  YESTERDAY       MM
  MONTH TO DATE   MM
  SINCE MAR 1     MM
  SINCE JUL 1     MM
  SNOW DEPTH      MM

DEGREE DAYS
 HEATING
  YESTERDAY       17                        18     -1       16
  MONTH TO DATE  505                       524    -19      486
  SINCE MAR 1   1197                      1426   -229     1278
  SINCE JUL 1   6015                      7228  -1213     6795

 COOLING
  YESTERDAY        0                         0      0        0
  MONTH TO DATE    0                         0      0        0
  SINCE MAR 1      0                         0      0        0
  SINCE JAN 1      0                         0      0        0
..................................................................


WIND (MPH)
  HIGHEST WIND SPEED    24   HIGHEST WIND DIRECTION     S (200)
  HIGHEST GUST SPEED    31   HIGHEST GUST DIRECTION    SW (220)
  AVERAGE WIND SPEED    10.0


SKY COVER
  POSSIBLE SUNSHINE  MM
  AVERAGE SKY COVER 0.8


WEATHER CONDITIONS
 THE FOLLOWING WEATHER WAS RECORDED YESTERDAY.
  LIGHT RAIN


RELATIVE HUMIDITY (PERCENT)
 HIGHEST    85           400 AM
 LOWEST     28           400 PM
 AVERAGE    57

..........................................................


THE IDAHO FALLS ID CLIMATE NORMALS FOR TODAY
                         NORMAL    RECORD    YEAR
 MAXIMUM TEMPERATURE (F)   61        82      1992
 MINIMUM TEMPERATURE (F)   34        21      2008


SUNRISE AND SUNSET
APRIL 26 2015.........SUNRISE   629 AM MDT   SUNSET   824 PM MDT
APRIL 27 2015.........SUNRISE   627 AM MDT   SUNSET   826 PM MDT


-  INDICATES NEGATIVE NUMBERS.
R  INDICATES RECORD WAS SET OR TIED.
MM INDICATES DATA IS MISSING.
T  INDICATES TRACE AMOUNT.




$$
