000
CDUS42 KILM 030850
CLIILM


CLIMATE REPORT
NATIONAL WEATHER SERVICE WILMINGTON NC
449 AM EDT SUN MAY 3 2015


...................................

...THE WILMINGTON NC CLIMATE SUMMARY FOR MAY 2 2015...

CLIMATE NORMAL PERIOD 1981 TO 2010
CLIMATE RECORD PERIOD 1871 TO 2015


WEATHER ITEM   OBSERVED TIME   RECORD YEAR NORMAL DEPARTURE LAST
                VALUE   (LST)  VALUE       VALUE  FROM      YEAR
                                                  NORMAL
..................................................................
TEMPERATURE (F)
 YESTERDAY
  MAXIMUM         76    231 PM  91    1962  78     -2       72
  MINIMUM         47    521 AM  35    1963  56     -9       60
  AVERAGE         62                        67     -5       66

PRECIPITATION (IN)
  YESTERDAY        0.00          2.03 1873   0.11  -0.11      T
  MONTH TO DATE    0.18                      0.22  -0.04      T
  SINCE MAR 1      5.77                      7.25  -1.48    11.29
  SINCE JAN 1     15.09                     14.63   0.46    16.75

DEGREE DAYS
 HEATING
  YESTERDAY        3                         2      1        0
  MONTH TO DATE    9                         4      5        0
  SINCE MAR 1    413                       457    -44      498
  SINCE JUL 1   2596                      2386    210     2432

 COOLING
  YESTERDAY        0                         4     -4        1
  MONTH TO DATE    0                         8     -8       14
  SINCE MAR 1     83                        91     -8      124
  SINCE JAN 1     89                        96     -7      129
..................................................................


WIND (MPH)
  HIGHEST WIND SPEED    20   HIGHEST WIND DIRECTION    NW (330)
  HIGHEST GUST SPEED    23   HIGHEST GUST DIRECTION    NW (320)
  AVERAGE WIND SPEED     5.1


SKY COVER
  POSSIBLE SUNSHINE  MM
  AVERAGE SKY COVER 0.2


WEATHER CONDITIONS
 THE FOLLOWING WEATHER WAS RECORDED YESTERDAY.
  FOG


RELATIVE HUMIDITY (PERCENT)
 HIGHEST    93           500 AM
 LOWEST     36           200 PM
 AVERAGE    65

..........................................................


THE WILMINGTON NC CLIMATE NORMALS FOR TODAY
                         NORMAL    RECORD    YEAR
 MAXIMUM TEMPERATURE (F)   78        94      1959
                                             1901
 MINIMUM TEMPERATURE (F)   56        40      1981
                                             1939


SUNRISE AND SUNSET
MAY  3 2015...........SUNRISE   620 AM EDT   SUNSET   757 PM EDT
MAY  4 2015...........SUNRISE   619 AM EDT   SUNSET   758 PM EDT


-  INDICATES NEGATIVE NUMBERS.
R  INDICATES RECORD WAS SET OR TIED.
MM INDICATES DATA IS MISSING.
T  INDICATES TRACE AMOUNT.




$$
