000
CDUS43 KILX 040630
CLIILX


CLIMATE REPORT
NATIONAL WEATHER SERVICE LINCOLN IL
128 AM CDT MON MAY 4 2015


...................................

...THE LINCOLN IL CLIMATE SUMMARY FOR MAY 3 2015...

CLIMATE NORMAL PERIOD 1981 TO 2010
CLIMATE RECORD PERIOD 1905 TO 2015


WEATHER ITEM   OBSERVED TIME   RECORD YEAR NORMAL DEPARTURE LAST
                VALUE   (LST)  VALUE       VALUE  FROM      YEAR
                                                  NORMAL
..................................................................
TEMPERATURE (F)
 YESTERDAY
  MAXIMUM         82        MM  90    1949  70     12       71
  MINIMUM         55        MM  25    2005  47      8       50
  AVERAGE         69                        59     10       61

PRECIPITATION (IN)
  YESTERDAY        T             1.59 1942   0.13  -0.13     0.00
  MONTH TO DATE    T                         0.39  -0.39      T
  SINCE MAR 1      3.79                      6.60  -2.81     4.88
  SINCE JAN 1      6.55                     10.35  -3.80     9.54

SNOWFALL (IN)
  YESTERDAY        0.0           T    1917   0.0    0.0      0.0
  MONTH TO DATE    0.0                       0.0    0.0      0.0
  SINCE MAR 1      3.7                       2.0    1.7      4.7
  SINCE JUL 1     21.9                      20.5    1.4     46.3
  SNOW DEPTH       0

DEGREE DAYS
 HEATING
  YESTERDAY        0                         7     -7        4
  MONTH TO DATE   18                        22     -4       34
  SINCE MAR 1   1170                      1154     16     1323
  SINCE JUL 1   6107                      5577    530     6567

 COOLING
  YESTERDAY        4                         1      3        0
  MONTH TO DATE    4                         3      1        0
  SINCE MAR 1      5                        18    -13        1
  SINCE JAN 1      5                        18    -13        1
..................................................................


WIND (MPH)
  HIGHEST WIND SPEED    MM   HIGHEST WIND DIRECTION    MM
  HIGHEST GUST SPEED    MM   HIGHEST GUST DIRECTION    MM
  AVERAGE WIND SPEED    MM


SKY COVER
  POSSIBLE SUNSHINE  MM


WEATHER CONDITIONS
 THE FOLLOWING WEATHER WAS RECORDED YESTERDAY.
  NO SIGNIFICANT WEATHER WAS OBSERVED.


..........................................................


THE LINCOLN IL CLIMATE NORMALS FOR TODAY
                         NORMAL    RECORD    YEAR
 MAXIMUM TEMPERATURE (F)   71        92      1952
 MINIMUM TEMPERATURE (F)   48        26      2005


SUNRISE AND SUNSET
MAY  4 2015...........SUNRISE   554 AM CDT   SUNSET   755 PM CDT
MAY  5 2015...........SUNRISE   553 AM CDT   SUNSET   756 PM CDT


-  INDICATES NEGATIVE NUMBERS.
R  INDICATES RECORD WAS SET OR TIED.
MM INDICATES DATA IS MISSING.
T  INDICATES TRACE AMOUNT.




$$
