000
CDUS43 KEAX 250643
CLIIRK


CLIMATE REPORT
NATIONAL WEATHER SERVICE KANSAS CITY/PLEASANT HILL MO
140 AM CDT SAT APR 25 2015


...................................

...THE KIRKSVILLE MO CLIMATE SUMMARY FOR APRIL 24 2015...

CLIMATE NORMAL PERIOD 1981 TO 2010
CLIMATE RECORD PERIOD 9999 TO 9999


WEATHER ITEM   OBSERVED TIME   NORMAL DEPARTURE LAST
                VALUE   (LST)  VALUE  FROM      YEAR
                                      NORMAL
......................................................
TEMPERATURE (F)
 YESTERDAY
  MAXIMUM         65    246 PM  65      0       58
  MINIMUM         48   1229 AM  44      4       50
  AVERAGE         57            54      3       54

PRECIPITATION (IN)
  YESTERDAY        T             0.16  -0.16     0.59
  MONTH TO DATE    3.18          2.82   0.36     1.92
  SINCE MAR 1      4.00          5.37  -1.37     2.99
  SINCE JAN 1      6.05          8.17  -2.12     6.54

DEGREE DAYS
 HEATING
  YESTERDAY        8            11     -3       11
  MONTH TO DATE  215           345   -130      355
  SINCE MAR 1    901          1099   -198     1257
  SINCE JUL 1   5580          5632    -52     6227

 COOLING
  YESTERDAY        0             0      0        0
  MONTH TO DATE    2             0      2        1
  SINCE MAR 1      3             0      3        1
  SINCE JAN 1      3             0      3        1
......................................................


WIND (MPH)
  HIGHEST WIND SPEED    29   HIGHEST WIND DIRECTION    SE (150)
  HIGHEST GUST SPEED    36   HIGHEST GUST DIRECTION    SE (150)
  AVERAGE WIND SPEED    12.0


SKY COVER
  AVERAGE SKY COVER 0.9


WEATHER CONDITIONS
 THE FOLLOWING WEATHER WAS RECORDED YESTERDAY.
  LIGHT RAIN


RELATIVE HUMIDITY (PERCENT)
 HIGHEST    83          1100 PM
 LOWEST     51           900 AM
 AVERAGE    67

..........................................................


THE KIRKSVILLE MO CLIMATE NORMALS FOR TODAY
                         NORMAL
 MAXIMUM TEMPERATURE (F)   66
 MINIMUM TEMPERATURE (F)   44


SUNRISE AND SUNSET
APRIL 25 2015.........SUNRISE   618 AM CDT   SUNSET   759 PM CDT
APRIL 26 2015.........SUNRISE   617 AM CDT   SUNSET   800 PM CDT


-  INDICATES NEGATIVE NUMBERS.
R  INDICATES RECORD WAS SET OR TIED.
MM INDICATES DATA IS MISSING.
T  INDICATES TRACE AMOUNT.




$$
