000
CDUS44 KJAN 280749
CLIJAN

CLIMATE REPORT...CORRECTED
NATIONAL WEATHER SERVICE JACKSON MS
242 AM CDT TUE APR 28 2015


...................................

...THE JACKSON CLIMATE SUMMARY FOR APRIL 27 2015...

CLIMATE NORMAL PERIOD 1981 TO 2010
CLIMATE RECORD PERIOD 1896 TO 2015


WEATHER ITEM   OBSERVED TIME   RECORD YEAR NORMAL DEPARTURE LAST
                VALUE   (LST)  VALUE       VALUE  FROM      YEAR
                                                  NORMAL
..................................................................
TEMPERATURE (F)
 YESTERDAY
  MAXIMUM         69    221 PM  93    1987  79    -10       86
  MINIMUM         57   1111 PM  39    1992  56      1       65
  AVERAGE         63                        67     -4       76

PRECIPITATION (IN)
  YESTERDAY        T             2.74 1921   0.14  -0.14     0.73
  MONTH TO DATE    3.75                      4.56  -0.81    11.24
  SINCE MAR 1     11.02                      9.60   1.42    16.89
  SINCE JAN 1     21.22                     19.33   1.89    23.94

SNOWFALL (IN)
  YESTERDAY        0.0           0.0    MM   0.0    0.0      0.0
  MONTH TO DATE    0.0                       0.0    0.0      0.0
  SINCE MAR 1      0.3                       0.1    0.2       T
  SINCE JUL 1      0.3                       0.8   -0.5      0.8

DEGREE DAYS
 HEATING
  YESTERDAY        2                         2      0        0
  MONTH TO DATE   22                       104    -82      108
  SINCE MAR 1    217                       382   -165      451
  SINCE JUL 1   2343                      2374    -31     2717

 COOLING
  YESTERDAY        0                         4     -4       11
  MONTH TO DATE  139                        68     71       64
  SINCE MAR 1    176                        95     81       68
  SINCE JAN 1    176                       105     71       74
..................................................................


WIND (MPH)
  HIGHEST WIND SPEED    18   HIGHEST WIND DIRECTION    NE (50)
  HIGHEST GUST SPEED    26   HIGHEST GUST DIRECTION     E (90)
  AVERAGE WIND SPEED     8.9


SKY COVER
  POSSIBLE SUNSHINE  MM
  AVERAGE SKY COVER 0.6


WEATHER CONDITIONS
 THE FOLLOWING WEATHER WAS RECORDED YESTERDAY.
  LIGHT RAIN


RELATIVE HUMIDITY (PERCENT)
 HIGHEST    86           500 AM
 LOWEST     49           200 PM
 AVERAGE    68

..........................................................


THE JACKSON CLIMATE NORMALS FOR TODAY
                         NORMAL    RECORD    YEAR
 MAXIMUM TEMPERATURE (F)   79        92      1899
 MINIMUM TEMPERATURE (F)   56        38      1992


SUNRISE AND SUNSET
APRIL 28 2015.........SUNRISE   617 AM CDT   SUNSET   739 PM CDT
APRIL 29 2015.........SUNRISE   616 AM CDT   SUNSET   740 PM CDT


-  INDICATES NEGATIVE NUMBERS.
R  INDICATES RECORD WAS SET OR TIED.
MM INDICATES DATA IS MISSING.
T  INDICATES TRACE AMOUNT.

&&

AT 3 AM:

THE PEARL RIVER STAGE AT JACKSON WAS 13.7 FEET. THE RIVER HAS FALLEN
2.0 FEET OVER THE LAST 24 HOURS.

THE MISSISSIPPI RIVER STAGE AT VICKSBURG WAS 41.9 FEET. THE RIVER
HAS RISEN 0.1 FEET OVER THE LAST 24 HOURS.



$$
