000
CDUS42 KJAX 040532
CLIJAX


CLIMATE REPORT
NATIONAL WEATHER SERVICE JACKSONVILLE FL
131 AM EDT MON MAY 4 2015


...................................

...THE JACKSONVILLE CLIMATE SUMMARY FOR MAY 3 2015...

CLIMATE NORMAL PERIOD 1981 TO 2010
CLIMATE RECORD PERIOD 1871 TO 2015


WEATHER ITEM   OBSERVED TIME   RECORD YEAR NORMAL DEPARTURE LAST
                VALUE   (LST)  VALUE       VALUE  FROM      YEAR
                                                  NORMAL
..................................................................
TEMPERATURE (F)
 YESTERDAY
  MAXIMUM         81    128 PM  94    2002  83     -2       64
  MINIMUM         51    559 AM  47    1981  59     -8       56
  AVERAGE         66                        71     -5       60

PRECIPITATION (IN)
  YESTERDAY        0.00          2.17 1880   0.06  -0.06     0.50
  MONTH TO DATE    0.00                      0.18  -0.18     1.44
  SINCE MAR 1      4.96                      6.77  -1.81    12.08
  SINCE JAN 1     11.36                     13.26  -1.90    21.79

SNOWFALL (IN)
  YESTERDAY        0.0           0.0  2002   0.0    0.0      0.0
                                      2001
  MONTH TO DATE    0.0                       0.0    0.0      0.0
  SINCE MAR 1      0.0                       T      0.0      0.0
  SINCE JUL 1      T                         T      0.0      0.0
  SNOW DEPTH       0

DEGREE DAYS
 HEATING
  YESTERDAY        0                         1     -1        5
  MONTH TO DATE    2                         3     -1        5
  SINCE MAR 1     89                       214   -125      231
  SINCE JUL 1   1337                      1347    -10     1308

 COOLING
  YESTERDAY        1                         6     -5        0
  MONTH TO DATE    2                        18    -16       11
  SINCE MAR 1    325                       185    140      180
  SINCE JAN 1    338                       214    124      210
..................................................................


WIND (MPH)
  HIGHEST WIND SPEED    16   HIGHEST WIND DIRECTION     E (90)
  HIGHEST GUST SPEED    21   HIGHEST GUST DIRECTION    SE (130)
  AVERAGE WIND SPEED     5.1


SKY COVER
  POSSIBLE SUNSHINE  MM
  AVERAGE SKY COVER 0.2


WEATHER CONDITIONS
 THE FOLLOWING WEATHER WAS RECORDED YESTERDAY.
  NO SIGNIFICANT WEATHER WAS OBSERVED.


RELATIVE HUMIDITY (PERCENT)
 HIGHEST   100           700 AM
 LOWEST     30          1100 AM
 AVERAGE    65

..........................................................


THE JACKSONVILLE CLIMATE NORMALS FOR TODAY
                         NORMAL    RECORD    YEAR
 MAXIMUM TEMPERATURE (F)   83        93      2006
 MINIMUM TEMPERATURE (F)   59        45      1971


SUNRISE AND SUNSET
MAY  4 2015...........SUNRISE   641 AM EDT   SUNSET   807 PM EDT
MAY  5 2015...........SUNRISE   640 AM EDT   SUNSET   807 PM EDT


-  INDICATES NEGATIVE NUMBERS.
R  INDICATES RECORD WAS SET OR TIED.
MM INDICATES DATA IS MISSING.
T  INDICATES TRACE AMOUNT.




$$
