000
CDUS44 KMEG 060639
CLIJBR


CLIMATE REPORT
NATIONAL WEATHER SERVICE MEMPHIS TN
139 AM CDT WED MAY 6 2015


...................................

...THE JONESBORO CLIMATE SUMMARY FOR MAY 5 2015...

CLIMATE NORMAL PERIOD 1981 TO 2010
CLIMATE RECORD PERIOD 1897 TO 2015


WEATHER ITEM   OBSERVED TIME   RECORD YEAR NORMAL DEPARTURE LAST
                VALUE   (LST)  VALUE       VALUE  FROM      YEAR
                                                  NORMAL
..................................................................
TEMPERATURE (F)
 YESTERDAY
  MAXIMUM         85    404 PM  94    1959  76      9       86
  MINIMUM         55    500 AM  36    1917  55      0       62
                                      1907
  AVERAGE         70                        66      4       74

PRECIPITATION (IN)
  YESTERDAY        0.00          1.50 1999   0.21  -0.21     0.00
  MONTH TO DATE    0.00                      0.99  -0.99     0.00
  SINCE MAR 1     13.14                     10.51   2.63    11.99
  SINCE JAN 1     17.97                     17.66   0.31    16.70

SNOWFALL (IN)
  YESTERDAY        0.0          MM      MM   0.0    0.0      0.0
  MONTH TO DATE    0.0                       0.0    0.0      0.0
  SINCE MAR 1      7.6                       0.7    6.9      3.2
  SINCE JUL 1      9.4                       4.8    4.6      5.2
  SNOW DEPTH       0

DEGREE DAYS
 HEATING
  YESTERDAY        0                         2     -2        0
  MONTH TO DATE   17                        12      5       20
  SINCE MAR 1    734                       671     63      841
  SINCE JUL 1   3982                      3627    355     4106

 COOLING
  YESTERDAY        5                         3      2        9
  MONTH TO DATE    8                        13     -5       18
  SINCE MAR 1     36                        60    -24       39
  SINCE JAN 1     36                        60    -24       39
..................................................................


WIND (MPH)
  HIGHEST WIND SPEED    20   HIGHEST WIND DIRECTION    SE (150)
  HIGHEST GUST SPEED    23   HIGHEST GUST DIRECTION    SW (220)
  AVERAGE WIND SPEED     7.1


SKY COVER
  POSSIBLE SUNSHINE  MM
  AVERAGE SKY COVER 0.3


WEATHER CONDITIONS
 THE FOLLOWING WEATHER WAS RECORDED YESTERDAY.
  NO SIGNIFICANT WEATHER WAS OBSERVED.


RELATIVE HUMIDITY (PERCENT)
 HIGHEST   100           500 AM
 LOWEST     32           400 PM
 AVERAGE    66

..........................................................


THE JONESBORO CLIMATE NORMALS FOR TODAY
                         NORMAL    RECORD    YEAR
 MAXIMUM TEMPERATURE (F)   77        94      2012
                                             1952
 MINIMUM TEMPERATURE (F)   56        29      1927


SUNRISE AND SUNSET
MAY  6 2015...........SUNRISE   605 AM CDT   SUNSET   754 PM CDT
MAY  7 2015...........SUNRISE   604 AM CDT   SUNSET   754 PM CDT


-  INDICATES NEGATIVE NUMBERS.
R  INDICATES RECORD WAS SET OR TIED.
MM INDICATES DATA IS MISSING.
T  INDICATES TRACE AMOUNT.




$$
