000
CDUS45 KBOI 060933
CLIJER


CLIMATE REPORT
NATIONAL WEATHER SERVICE BOISE ID
332 AM MDT WED MAY 6 2015


...................................

...THE JEROME ID CLIMATE SUMMARY FOR MAY 5 2015...

CLIMATE NORMAL PERIOD 1981 TO 2010
CLIMATE RECORD PERIOD 1919 TO 2015


WEATHER ITEM   OBSERVED TIME   RECORD YEAR NORMAL DEPARTURE LAST
                VALUE   (LST)  VALUE       VALUE  FROM      YEAR
                                                  NORMAL
..................................................................
TEMPERATURE (F)
 YESTERDAY
  MAXIMUM         73    413 PM  92    1966  64      9       64
  MINIMUM         48   1158 PM  27    1982  39      9       46
  AVERAGE         61                        52      9       55

PRECIPITATION (IN)
  YESTERDAY        0.00          0.32 1995   0.05  -0.05     0.00
  MONTH TO DATE    0.00                      0.28  -0.28     0.00
  SINCE OCT 1      4.91                      8.16  -3.25     4.94
  SINCE JAN 1      2.01                      4.64  -2.63     4.34

DEGREE DAYS
 HEATING
  YESTERDAY        4                        13     -9       10
  MONTH TO DATE   19                        70    -51       23
  SINCE MAR 1   1081                      1386   -305     1242
  SINCE JUL 1   5123                      6273  -1150     5910

 COOLING
  YESTERDAY        0                         0      0        0
  MONTH TO DATE    0                         0      0        2
  SINCE MAR 1      0                         0      0        2
  SINCE JAN 1      0                         0      0        2
..................................................................


WIND (MPH)
  HIGHEST WIND SPEED    29   HIGHEST WIND DIRECTION     W (250)
  HIGHEST GUST SPEED    35   HIGHEST GUST DIRECTION     W (250)
  AVERAGE WIND SPEED    13.8


SKY COVER
  AVERAGE SKY COVER 0.0


WEATHER CONDITIONS
 THE FOLLOWING WEATHER WAS RECORDED YESTERDAY.
  NO SIGNIFICANT WEATHER WAS OBSERVED.


RELATIVE HUMIDITY (PERCENT)
 HIGHEST    63           400 AM
 LOWEST     14           200 PM
 AVERAGE    39

..........................................................


THE JEROME ID CLIMATE NORMALS FOR TODAY
                         NORMAL    RECORD    YEAR
 MAXIMUM TEMPERATURE (F)   64        90      1992
 MINIMUM TEMPERATURE (F)   39        24      2007


SUNRISE AND SUNSET
MAY  6 2015...........SUNRISE   626 AM MDT   SUNSET   844 PM MDT
MAY  7 2015...........SUNRISE   625 AM MDT   SUNSET   845 PM MDT


-  INDICATES NEGATIVE NUMBERS.
R  INDICATES RECORD WAS SET OR TIED.
MM INDICATES DATA IS MISSING.
T  INDICATES TRACE AMOUNT.




$$
