000
CDUS43 KBIS 040039
CLIJMS


CLIMATE REPORT
NATIONAL WEATHER SERVICE BISMARCK ND
738 PM CDT SUN MAY 3 2015


...................................

...THE JAMESTOWN ND CLIMATE SUMMARY FOR MAY 3 2015...
VALID TODAY AS OF 0700 PM LOCAL TIME.

CLIMATE NORMAL PERIOD 1981 TO 2010
CLIMATE RECORD PERIOD 1891 TO 2015


WEATHER ITEM   OBSERVED TIME   RECORD YEAR NORMAL DEPARTURE LAST
                VALUE   (LST)  VALUE       VALUE  FROM      YEAR
                                                  NORMAL
..................................................................
TEMPERATURE (F)
 TODAY
  MAXIMUM         68    305 PM  92    1985  64      4       51
  MINIMUM         49    354 AM  14    1907  37     12       32
  AVERAGE         59                        51      8       42

PRECIPITATION (IN)
  TODAY            T             1.14 1991   0.07  -0.07     0.00
  MONTH TO DATE    T                         0.21  -0.21      T
  SINCE MAR 1      0.99                      2.25  -1.26     2.67
  SINCE JAN 1      1.41                      3.10  -1.69     3.06

DEGREE DAYS
 HEATING
  TODAY            6                        15     -9       23
  MONTH TO DATE   15                        45    -30       52
  SINCE MAR 1   1602                      1880   -278     2104
  SINCE JUL 1   8339                      8639   -300     9372

 COOLING
  TODAY            0                         0      0        0
  MONTH TO DATE    0                         0      0        0
  SINCE MAR 1      0                         2     -2        0
  SINCE JAN 1      0                         2     -2        0
..................................................................


WIND (MPH)
  RESULTANT WIND SPEED  16   RESULTANT WIND DIRECTION  NW (330)
  HIGHEST WIND SPEED    31   HIGHEST WIND DIRECTION     N (350)
  HIGHEST GUST SPEED    39   HIGHEST GUST DIRECTION     N (340)
  AVERAGE WIND SPEED    16.3


SKY COVER
  POSSIBLE SUNSHINE  MM
  AVERAGE SKY COVER 0.4


WEATHER CONDITIONS
 THE FOLLOWING WEATHER WAS RECORDED TODAY.
  LIGHT RAIN
  HAZE


RELATIVE HUMIDITY (PERCENT)
 HIGHEST    61           400 AM
 LOWEST     16           200 PM
 AVERAGE    39

..........................................................


THE JAMESTOWN ND CLIMATE NORMALS FOR TOMORROW
                         NORMAL    RECORD    YEAR
 MAXIMUM TEMPERATURE (F)   64        94      1926
 MINIMUM TEMPERATURE (F)   38        22      1907


SUNRISE AND SUNSET
MAY  3 2015...........SUNRISE   617 AM CDT   SUNSET   847 PM CDT
MAY  4 2015...........SUNRISE   615 AM CDT   SUNSET   849 PM CDT


-  INDICATES NEGATIVE NUMBERS.
R  INDICATES RECORD WAS SET OR TIED.
MM INDICATES DATA IS MISSING.
T  INDICATES TRACE AMOUNT.




$$
