000
CDUS43 KGRR 190518
CLIJXN


CLIMATE REPORT
NATIONAL WEATHER SERVICE GRAND RAPIDS, MI
117 AM EDT SUN APR 19 2015


...................................

...THE JACKSON MI CLIMATE SUMMARY FOR APRIL 18 2015...

CLIMATE NORMAL PERIOD 1981 TO 2010
CLIMATE RECORD PERIOD 1944 TO 9999


WEATHER ITEM   OBSERVED TIME   NORMAL DEPARTURE LAST
                VALUE   (LST)  VALUE  FROM      YEAR
                                      NORMAL
......................................................
TEMPERATURE (F)
 YESTERDAY
  MAXIMUM         75    222 PM  60     15       65
  MINIMUM         46    559 AM  38      8       42
  AVERAGE         61            49     12       54

PRECIPITATION (IN)
  YESTERDAY        0.00          0.10  -0.10     0.04
  MONTH TO DATE    1.42          1.56  -0.14     1.50
  SINCE MAR 1      1.90          3.46  -1.56     3.41
  SINCE JAN 1      3.98          6.24  -2.26     7.69

DEGREE DAYS
 HEATING
  YESTERDAY        4            16    -12       11
  MONTH TO DATE  269           351    -82      357
  SINCE MAR 1   1263          1261      2     1532
  SINCE JUL 1   6767          6175    592     7096

 COOLING
  YESTERDAY        0             0      0        0
  MONTH TO DATE    0             0      0        0
  SINCE MAR 1      0             0      0        0
  SINCE JAN 1      0             0      0        0
......................................................


WIND (MPH)
  RESULTANT WIND SPEED   5   RESULTANT WIND DIRECTION  NE (50)
  HIGHEST WIND SPEED    18   HIGHEST WIND DIRECTION     E (90)
  HIGHEST GUST SPEED    24   HIGHEST GUST DIRECTION     E (100)
  AVERAGE WIND SPEED     9.6


SKY COVER
  AVERAGE SKY COVER 0.0


WEATHER CONDITIONS
 THE FOLLOWING WEATHER WAS RECORDED YESTERDAY.
  NO SIGNIFICANT WEATHER WAS OBSERVED.


RELATIVE HUMIDITY (PERCENT)
 HIGHEST    82           600 AM
 LOWEST     23           300 PM
 AVERAGE    53

..........................................................


THE JACKSON MI CLIMATE NORMALS FOR TODAY
                         NORMAL
 MAXIMUM TEMPERATURE (F)   60
 MINIMUM TEMPERATURE (F)   38


SUNRISE AND SUNSET
APRIL 19 2015.........SUNRISE   651 AM EDT   SUNSET   824 PM EDT
APRIL 20 2015.........SUNRISE   650 AM EDT   SUNSET   825 PM EDT


-  INDICATES NEGATIVE NUMBERS.
R  INDICATES RECORD WAS SET OR TIED.
MM INDICATES DATA IS MISSING.
T  INDICATES TRACE AMOUNT.




$$
