000
CDUS44 KLZK 050902
CLILIT


CLIMATE REPORT
NATIONAL WEATHER SERVICE LITTLE ROCK AR
402 AM CDT TUE MAY 5 2015


...................................

...THE LITTLE ROCK ADAMS FIELD CLIMATE SUMMARY FOR MAY 4 2015...

CLIMATE NORMAL PERIOD 1981 TO 2010
CLIMATE RECORD PERIOD 1874 TO 2015


WEATHER ITEM   OBSERVED TIME   RECORD YEAR NORMAL DEPARTURE LAST
                VALUE   (LST)  VALUE       VALUE  FROM      YEAR
                                                  NORMAL
..................................................................
TEMPERATURE (F)
 YESTERDAY
  MAXIMUM         84    118 PM  93    1952  78      6       90
  MINIMUM         60    522 AM  38    2013  57      3       52
  AVERAGE         72                        68      4       71

PRECIPITATION (IN)
  YESTERDAY        0.00          1.94 1914   0.18  -0.18     0.00
  MONTH TO DATE    0.00                      0.73  -0.73      T
  SINCE MAR 1     13.53                     10.55   2.98    10.24
  SINCE JAN 1     20.34                     17.76   2.58    15.81

SNOWFALL (IN)
  YESTERDAY        0.0          MM      MM   0.0    0.0      0.0
  MONTH TO DATE    0.0                       0.0    0.0      0.0
  SINCE MAR 1      5.7                       0.4    5.3      2.2
  SINCE JUL 1     11.1                       3.5    7.6      6.2
  SNOW DEPTH       0

DEGREE DAYS
 HEATING
  YESTERDAY        0                         1     -1        0
  MONTH TO DATE    3                         7     -4       14
  SINCE MAR 1    475                       526    -51      652
  SINCE JUL 1   3121                      3039     82     3425

 COOLING
  YESTERDAY        7                         4      3        6
  MONTH TO DATE   11                        15     -4        6
  SINCE MAR 1    101                        85     16       59
  SINCE JAN 1    101                        87     14       59
..................................................................


WIND (MPH)
  HIGHEST WIND SPEED    13   HIGHEST WIND DIRECTION     S (170)
  HIGHEST GUST SPEED    20   HIGHEST GUST DIRECTION     S (160)
  AVERAGE WIND SPEED     4.6


SKY COVER
  POSSIBLE SUNSHINE  MM
  AVERAGE SKY COVER 0.2


WEATHER CONDITIONS
 THE FOLLOWING WEATHER WAS RECORDED YESTERDAY.
  NO SIGNIFICANT WEATHER WAS OBSERVED.


RELATIVE HUMIDITY (PERCENT)
 HIGHEST    84           600 AM
 LOWEST     37           100 PM
 AVERAGE    61

..........................................................


THE LITTLE ROCK ADAMS FIELD CLIMATE NORMALS FOR TODAY
                         NORMAL    RECORD    YEAR
 MAXIMUM TEMPERATURE (F)   78        93      1952
 MINIMUM TEMPERATURE (F)   58        42      2013


SUNRISE AND SUNSET
MAY  5 2015...........SUNRISE   615 AM CDT   SUNSET   757 PM CDT
MAY  6 2015...........SUNRISE   614 AM CDT   SUNSET   758 PM CDT


-  INDICATES NEGATIVE NUMBERS.
R  INDICATES RECORD WAS SET OR TIED.
MM INDICATES DATA IS MISSING.
T  INDICATES TRACE AMOUNT.




$$
