000
CDUS45 KPIH 252322
CLILLJ


CLIMATE REPORT
NATIONAL WEATHER SERVICE POCATELLO ID
520 PM MDT SAT APR 25 2015


...................................

...THE CHALLIS ID CLIMATE SUMMARY FOR APRIL 25 2015...
VALID TODAY AS OF 0500 PM LOCAL TIME.

CLIMATE NORMAL PERIOD 1981 TO 2010
CLIMATE RECORD PERIOD 1898 TO 2015


WEATHER ITEM   OBSERVED TIME   RECORD YEAR NORMAL DEPARTURE LAST
                VALUE   (LST)  VALUE       VALUE  FROM      YEAR
                                                  NORMAL
..................................................................
TEMPERATURE (F)
 TODAY
  MAXIMUM         50   1247 PM  83    1977  60    -10       50
  MINIMUM         30    550 AM  18    1921  31     -1       38
  AVERAGE         40                        46     -6       44

PRECIPITATION (IN)
  TODAY            T             0.45 1995   0.03  -0.03     0.22
  MONTH TO DATE    0.34                      0.65  -0.31     0.95
  SINCE OCT 1      2.91                      4.42  -1.51     3.36
  SINCE JAN 1      1.12                      2.49  -1.37     2.63

SNOWFALL (IN)
  TODAY           MM
  MONTH TO DATE   MM
  SINCE MAR 1     MM
  SINCE JUL 1     MM
  SNOW DEPTH      MM

DEGREE DAYS
 HEATING
  TODAY           25                        19      6       21
  MONTH TO DATE  553                       553      0      517
  SINCE MAR 1   1251                      1449   -198     1370
  SINCE JUL 1   6389                      7498  -1109     7119

 COOLING
  TODAY            0                         0      0        0
  MONTH TO DATE    0                         0      0        0
  SINCE MAR 1      0                         0      0        0
  SINCE JAN 1      0                         0      0        0
..................................................................


WIND (MPH)
  HIGHEST WIND SPEED    23   HIGHEST WIND DIRECTION     W (270)
  HIGHEST GUST SPEED    28   HIGHEST GUST DIRECTION     W (270)
  AVERAGE WIND SPEED     4.0


SKY COVER
  POSSIBLE SUNSHINE  MM
  AVERAGE SKY COVER 0.8


WEATHER CONDITIONS
 THE FOLLOWING WEATHER WAS RECORDED TODAY.
  LIGHT RAIN


RELATIVE HUMIDITY (PERCENT)
 HIGHEST    85           600 AM
 LOWEST     36           100 PM
 AVERAGE    61

..........................................................


THE CHALLIS ID CLIMATE NORMALS FOR TOMORROW
                         NORMAL    RECORD    YEAR
 MAXIMUM TEMPERATURE (F)   60        82      1927
 MINIMUM TEMPERATURE (F)   32        16      1924


SUNRISE AND SUNSET
APRIL 25 2015.........SUNRISE   637 AM MDT   SUNSET   834 PM MDT
APRIL 26 2015.........SUNRISE   635 AM MDT   SUNSET   835 PM MDT


-  INDICATES NEGATIVE NUMBERS.
R  INDICATES RECORD WAS SET OR TIED.
MM INDICATES DATA IS MISSING.
T  INDICATES TRACE AMOUNT.




$$
