000
CDUS44 KCRP 262146 RRB
CLILRD

CLIMATE REPORT
NATIONAL WEATHER SERVICE CORPUS CHRISTI TX
443 PM CDT SUN APR 26 2015

...................................

...THE LAREDO CLIMATE SUMMARY FOR APRIL 26 2015...
VALID TODAY AS OF 444 PM LOCAL TIME.

CLIMATE NORMAL PERIOD 1981 TO 2010
CLIMATE RECORD PERIOD 1900 TO 2015


WEATHER ITEM   OBSERVED TIME   RECORD YEAR NORMAL DEPARTURE LAST
                VALUE   (LST)  VALUE       VALUE  FROM      YEAR
                                                  NORMAL
..................................................................
TEMPERATURE (F)
 TODAY
  MAXIMUM         94    251 PM 111    2011  90      4      100
  MINIMUM         74    354 AM  49    1916  67      7       73
  AVERAGE         84                        78      6       87

PRECIPITATION (IN)
  TODAY           MM             2.30 1935   0.06  MM        0.00
  MONTH TO DATE    4.28                      1.17   3.11     0.03
  SINCE MAR 1      6.85                      2.29   4.56     1.11
  SINCE JAN 1      7.73                      4.13   3.60     1.32

SNOWFALL (IN)
  TODAY            0.0
  MONTH TO DATE    0.0
  SINCE MAR 1      0.0
  SINCE JUL 1      0.0

DEGREE DAYS
 HEATING
  TODAY            0                         0      0        0
  MONTH TO DATE    0                        12    -12        5
  SINCE MAR 1    128                        81     47      104
  SINCE JUL 1   1063                       925    138     1095

 COOLING
  TODAY           19                        13      6       22
  MONTH TO DATE  294                       286      8      311
  SINCE MAR 1    385                       459    -74      447
  SINCE JAN 1    433                       544   -111      559
..................................................................


WIND (MPH)
  HIGHEST WIND SPEED    14   HIGHEST WIND DIRECTION    SE (140)
  HIGHEST GUST SPEED    17   HIGHEST GUST DIRECTION    SE (140)


SKY COVER
  POSSIBLE SUNSHINE  MM
  AVERAGE SKY COVER 0.6


WEATHER CONDITIONS
 THE FOLLOWING WEATHER WAS RECORDED TODAY.
  FOG


RELATIVE HUMIDITY (PERCENT)
 HIGHEST    97           600 AM
 LOWEST     47           300 PM
 AVERAGE    72

..........................................................


THE LAREDO CLIMATE NORMALS FOR TOMORROW
                         NORMAL    RECORD    YEAR
 MAXIMUM TEMPERATURE (F)   90       109      2014
 MINIMUM TEMPERATURE (F)   67        46      1928


SUNRISE AND SUNSET
APRIL 26 2015.........SUNRISE   703 AM CDT   SUNSET   809 PM CDT
APRIL 27 2015.........SUNRISE   702 AM CDT   SUNSET   809 PM CDT


-  INDICATES NEGATIVE NUMBERS.
R  INDICATES RECORD WAS SET OR TIED.
MM INDICATES DATA IS MISSING.
T  INDICATES TRACE AMOUNT.




$$
