000
CDUS46 KOTX 012330
CLILWS


CLIMATE REPORT
NATIONAL WEATHER SERVICE SPOKANE, WA
430 PM PDT WED APR 1 2015


...................................

...THE LEWISTON ID AIRPORT CLIMATE SUMMARY FOR APRIL 1 2015...
VALID AS OF 0400 PM LOCAL TIME.

CLIMATE NORMAL PERIOD 1981 TO 2010
CLIMATE RECORD PERIOD 1881 TO 2015


WEATHER ITEM   OBSERVED TIME   RECORD YEAR NORMAL DEPARTURE LAST
                VALUE   (LST)  VALUE       VALUE  FROM      YEAR
                                                  NORMAL
..................................................................
TEMPERATURE (F)
 TODAY
  MAXIMUM         54    257 PM  77    1990  59     -5       59
  MINIMUM         42    637 AM  22    1936  39      3       36
  AVERAGE         48                        49     -1       48

PRECIPITATION (IN)
  TODAY            T             0.89 1978   0.04  -0.04      T
  MONTH TO DATE    T                         0.04  -0.04      T
  SINCE OCT 1      7.66                      6.16   1.50     5.30
  SINCE JAN 1      3.47                      3.05   0.42     3.77

SNOWFALL (IN)
  TODAY           MM             0.3  1976   0.0   MM        0.0
  MONTH TO DATE   MM                         0.0   MM        0.0
  SINCE MAR 1      0.0                       0.7   -0.7      0.6
  SINCE JUL 1      1.5                      10.5   -9.0     16.5
  SNOW DEPTH      MM

DEGREE DAYS
 HEATING
  TODAY           17                        16      1       17
  MONTH TO DATE   17                        16      1       17
  SINCE MAR 1    506                       628   -122      614
  SINCE JUL 1   3728                      4483   -755     4775

 COOLING
  TODAY            0                         0      0        0
  MONTH TO DATE    0                         0      0        0
  SINCE MAR 1      0                         0      0        0
  SINCE JAN 1      0                         0      0        0
..................................................................


WIND (MPH)
  HIGHEST WIND SPEED    21   HIGHEST WIND DIRECTION    SW (240)
  HIGHEST GUST SPEED    28   HIGHEST GUST DIRECTION     W (270)
  AVERAGE WIND SPEED     6.5


SKY COVER
  POSSIBLE SUNSHINE  MM
  AVERAGE SKY COVER 0.9


WEATHER CONDITIONS
 THE FOLLOWING WEATHER WAS RECORDED TODAY.
  NO SIGNIFICANT WEATHER WAS OBSERVED.


RELATIVE HUMIDITY (PERCENT)
 HIGHEST    67
 LOWEST     32
 AVERAGE    50

..........................................................


THE LEWISTON ID AIRPORT CLIMATE NORMALS FOR TOMORROW
                         NORMAL    RECORD    YEAR
 MAXIMUM TEMPERATURE (F)   59        80      1992
 MINIMUM TEMPERATURE (F)   39        24      1935


SUNRISE AND SUNSET
APRIL  1 2015.........SUNRISE   628 AM PDT   SUNSET   717 PM PDT
APRIL  2 2015.........SUNRISE   626 AM PDT   SUNSET   718 PM PDT


-  INDICATES NEGATIVE NUMBERS.
R  INDICATES RECORD WAS SET OR TIED.
MM INDICATES DATA IS MISSING.
T  INDICATES TRACE AMOUNT.




$$
