000
CDUS46 KHNX 040021
CLIMAE


CLIMATE REPORT
NATIONAL WEATHER SERVICE SAN JOAQUIN VALLEY, CA
520 PM PDT SUN MAY 3 2015


...................................

...THE MADERA CA CLIMATE SUMMARY FOR MAY 3 2015...
VALID AS OF 0500 PM LOCAL TIME.

CLIMATE NORMAL PERIOD 1981 TO 2010
CLIMATE RECORD PERIOD 1998 TO 2015


WEATHER ITEM   OBSERVED TIME   RECORD YEAR NORMAL DEPARTURE LAST
                VALUE   (LST)  VALUE       VALUE  FROM      YEAR
                                                  NORMAL
..................................................................
TEMPERATURE (F)
 TODAY
  MAXIMUM         87    358 PM  98    2004  80      7       86
  MINIMUM         50    427 AM  42    2007  48      2       55
  AVERAGE         69                        64      5       71

PRECIPITATION (IN)
  TODAY            0.00          0.68 2003   0.03  -0.03     0.00
  MONTH TO DATE    0.00                      0.08  -0.08     0.00
  SINCE OCT 1      5.26                     11.14  -5.88     4.30
  SINCE JAN 1      1.58                      7.41  -5.83     3.61

SNOWFALL (IN)
  TODAY            0.0
  MONTH TO DATE    0.0
  SINCE MAR 1      0.0
  SINCE JUL 1      0.0
  SNOW DEPTH       0

DEGREE DAYS
 HEATING
  TODAY            0                                         0
  MONTH TO DATE    0                                         0
  SINCE MAR 1    249                                       296
  SINCE JUL 1   1699                                      2123

 COOLING
  TODAY            4                                         6
  MONTH TO DATE   24                                        25
  SINCE MAR 1    100                                        82
  SINCE JAN 1    102                                        82
..................................................................


WIND (MPH)
  HIGHEST WIND SPEED    14   HIGHEST WIND DIRECTION    SE (140)
  HIGHEST GUST SPEED    19   HIGHEST GUST DIRECTION    SE (130)
  AVERAGE WIND SPEED     3.9




RELATIVE HUMIDITY (PERCENT)
 HIGHEST    83
 LOWEST     10
 AVERAGE    47

..........................................................


THE MADERA CA CLIMATE NORMALS FOR TOMORROW
                         NORMAL    RECORD    YEAR
 MAXIMUM TEMPERATURE (F)   81        98      2004
 MINIMUM TEMPERATURE (F)   49        42      1999


SUNRISE AND SUNSET
MAY  3 2015...........SUNRISE   604 AM PDT   SUNSET   751 PM PDT
MAY  4 2015...........SUNRISE   603 AM PDT   SUNSET   752 PM PDT


-  INDICATES NEGATIVE NUMBERS.
R  INDICATES RECORD WAS SET OR TIED.
MM INDICATES DATA IS MISSING.
T  INDICATES TRACE AMOUNT.




$$
