000
CDUS44 KMAF 250732
CLIMAF


CLIMATE REPORT
NATIONAL WEATHER SERVICE MIDLAND/ODESSA TX
231 AM CDT SAT APR 25 2015


...................................

...THE MIDLAND CLIMATE SUMMARY FOR APRIL 24 2015...

CLIMATE NORMAL PERIOD 1981 TO 2010
CLIMATE RECORD PERIOD 1930 TO 2015


WEATHER ITEM   OBSERVED TIME   RECORD YEAR NORMAL DEPARTURE LAST
                VALUE   (LST)  VALUE       VALUE  FROM      YEAR
                                                  NORMAL
..................................................................
TEMPERATURE (F)
 YESTERDAY
  MAXIMUM         81    458 PM  95    2012  82     -1       82
                                      1943
  MINIMUM         59    750 AM  33    2013  52      7       58
  AVERAGE         70                        67      3       70

PRECIPITATION (IN)
  YESTERDAY        0.45          0.67 1980   0.02   0.43     0.00
  MONTH TO DATE    1.30                      0.51   0.79     0.45
  SINCE MAR 1      2.95                      1.11   1.84     0.64
  SINCE JAN 1      5.64                      2.38   3.26     0.90

SNOWFALL (IN)
  YESTERDAY        0.0
  MONTH TO DATE    0.0
  SINCE MAR 1      T
  SINCE JUL 1      3.6
  SNOW DEPTH       0

DEGREE DAYS
 HEATING
  YESTERDAY        0                         2     -2        0
  MONTH TO DATE   38                       101    -63       68
  SINCE MAR 1    376                       408    -32      350
  SINCE JUL 1   2526                      2645   -119     2598

 COOLING
  YESTERDAY        5                         4      1        5
  MONTH TO DATE   96                        61     35      111
  SINCE MAR 1    122                        77     45      134
  SINCE JAN 1    123                        79     44      136
..................................................................


WIND (MPH)
  HIGHEST WIND SPEED    35   HIGHEST WIND DIRECTION     W (270)
  HIGHEST GUST SPEED    44   HIGHEST GUST DIRECTION     W (250)
  AVERAGE WIND SPEED    15.0


SKY COVER
  POSSIBLE SUNSHINE  MM
  AVERAGE SKY COVER 0.4


WEATHER CONDITIONS
 THE FOLLOWING WEATHER WAS RECORDED YESTERDAY.
  THUNDERSTORM
  HEAVY RAIN
  RAIN
  LIGHT RAIN
  FOG
  HAZE


RELATIVE HUMIDITY (PERCENT)
 HIGHEST    78           300 AM
 LOWEST     16           600 PM
 AVERAGE    47

..........................................................


THE MIDLAND CLIMATE NORMALS FOR TODAY
                         NORMAL    RECORD    YEAR
 MAXIMUM TEMPERATURE (F)   82       104      2012
 MINIMUM TEMPERATURE (F)   53        39      1937


SUNRISE AND SUNSET
APRIL 25 2015.........SUNRISE   709 AM CDT   SUNSET   825 PM CDT
APRIL 26 2015.........SUNRISE   708 AM CDT   SUNSET   825 PM CDT


-  INDICATES NEGATIVE NUMBERS.
R  INDICATES RECORD WAS SET OR TIED.
MM INDICATES DATA IS MISSING.
T  INDICATES TRACE AMOUNT.




$$
