000
CDUS46 KHNX 280849
CLIMCE


CLIMATE REPORT
NATIONAL WEATHER SERVICE SAN JOAQUIN VALLEY, CA
122 AM PDT TUE APR 28 2015


...................................

...THE MERCED  CA CLIMATE SUMMARY FOR APRIL 27 2015...

CLIMATE NORMAL PERIOD 1981 TO 2010
CLIMATE RECORD PERIOD 1998 TO 2015


WEATHER ITEM   OBSERVED TIME   RECORD YEAR NORMAL DEPARTURE
                VALUE   (LST)  VALUE       VALUE  FROM
                                                  NORMAL
...............................................................
TEMPERATURE (F)
 YESTERDAY
  MAXIMUM         83    407 PM  97    2004  77      6
  MINIMUM         49    536 AM  40    1999  47      2
  AVERAGE         66                        62      4

PRECIPITATION (IN)
  YESTERDAY        0.00          T    2005   0.03  -0.03
  MONTH TO DATE    1.09                      0.87   0.22
  SINCE OCT 1      7.10                     11.40  -4.30
  SINCE JAN 1      2.35                      7.89  -5.54

SNOWFALL (IN)
  YESTERDAY        0.0
  MONTH TO DATE    0.0
  SINCE MAR 1      0.0
  SINCE JUL 1      0.0
  SNOW DEPTH       0

DEGREE DAYS
 HEATING
  YESTERDAY        0
  MONTH TO DATE  129
  SINCE MAR 1    259
  SINCE JUL 1   1723

 COOLING
  YESTERDAY        1
  MONTH TO DATE    9
  SINCE MAR 1     23
  SINCE JAN 1     23
...............................................................


WIND (MPH)
  HIGHEST WIND SPEED    13   HIGHEST WIND DIRECTION    SE (150)
  HIGHEST GUST SPEED    18   HIGHEST GUST DIRECTION    SE (150)
  AVERAGE WIND SPEED     4.0




RELATIVE HUMIDITY (PERCENT)
 HIGHEST    93
 LOWEST     28
 AVERAGE    61

..........................................................


THE MERCED  CA CLIMATE NORMALS FOR TODAY
                         NORMAL    RECORD    YEAR
 MAXIMUM TEMPERATURE (F)   77        95      2007
 MINIMUM TEMPERATURE (F)   48        36      1999


SUNRISE AND SUNSET
APRIL 28 2015.........SUNRISE   611 AM PDT   SUNSET   749 PM PDT
APRIL 29 2015.........SUNRISE   610 AM PDT   SUNSET   750 PM PDT


-  INDICATES NEGATIVE NUMBERS.
R  INDICATES RECORD WAS SET OR TIED.
MM INDICATES DATA IS MISSING.
T  INDICATES TRACE AMOUNT.




$$
