000
CDAK49 PAMC 210914
CLIMCG

CLIMATE REPORT
NATIONAL WEATHER SERVICE MCGRATH, AK
114 AM AKDT TUE APR 21 2015

...................................
...THE MCGRATH AIRPORT CLIMATE SUMMARY FOR APRIL 20 2015...

CLIMATE NORMAL PERIOD  1981 TO  2015
CLIMATE RECORD PERIOD  1939 TO  2015

WEATHER ITEM   OBSERVED TIME    RECORD YEAR NORMAL DEPARTURE LAST
               VALUE    (LST)   VALUE       VALUE  FROM      YEAR
                                                   NORMAL
...................................................................
TEMPERATURE
YESTERDAY
 MAXIMUM            38  0731 PM    57  2008     44      -6     52
 MINIMUM            26  0836 AM   -12  1961     23       3     32
 AVERAGE            32                          33      -1     42

PRECIPITATION
(INCHES)
 YESTERDAY           T           0.22  1950   0.03   -0.03   0.00
 MONTH TO DATE    0.33                        0.48   -0.15   0.07
 SINCE MAR 1      0.47                        1.29   -0.82   0.11
 SINCE JAN 1      0.91                        3.32   -2.41   1.80

SNOWFALL
(INCHES)
 YESTERDAY           T            2.8  2002    0.2    -0.2    0.0
 MONTH TO DATE     3.3                         4.0    -0.7    0.7
 SINCE MAR 1       8.5                        15.3    -6.8    1.1
 SINCE JUL 1      41.6                        95.3   -53.7   47.1
 SNOW DEPTH (IN)     T                                          6

DEGREE DAYS
 HEATING
  YESTERDAY         33                          32       1     23
  MONTH TO DATE    637                         777    -140    760
  SINCE MAR 1     2097                        2433    -336   2360
  SINCE JUL 1    11163                       12671   -1508  11187

 COOLING
  YESTERDAY          0                           0       0      0
  MONTH TO DATE      0                           0       0      0
  SINCE MAR 1        0                           0       0      0
  SINCE JAN 1        0                           0       0      0
...................................................................

WIND (MPH)
 HIGHEST WIND SPEED    18     HIGHEST WIND DIRECTION    210
 HIGHEST GUST SPEED    28     HIGHEST GUST DIRECTION    200
 AVERAGE WIND SPEED   8.1

WEATHER CONDITIONS
 THE FOLLOWING WEATHER WAS RECORDED YESTERDAY.
  FOG
SNOW

...................................................................

THE MCGRATH CLIMATE NORMALS FOR TODAY
                           NORMAL    RECORD   YEAR
 MAXIMUM TEMPERATURE (F)     44        57     2014
 MINIMUM TEMPERATURE (F)     23        -9     1966

SUNRISE AND SUNSET
 APR 21 2015..........SUNRISE  6:36 AM      SUNSET 10:09 PM
 APR 22 2015..........SUNRISE  6:33 AM      SUNSET 10:12 PM

-  INDICATES NEGATIVE NUMBERS.
R  INDICATES RECORD HAS BEEN SET OR TIED.
MM INDICATES DATA IS MISSING.
T  INDICATES TRACE OF PRECIPITATION.

&&
-------------------------------------------------------------------

AMOUNT OF DAYLIGHT TODAY  (HOUR:MIN)........15 HOURS 33 MINUTES
GAIN/LOSS SINCE YESTERDAY (HOUR:MIN:SEC)....+0:06:13

$$
TR APR 15
