000
CDUS43 KGLD 260751 RRA
CLIMCK

CLIMATE REPORT
NATIONAL WEATHER SERVICE GOODLAND
146 AM MDT SUN APR 26 2015

...................................

...THE MCCOOK NE CLIMATE SUMMARY FOR APRIL 25 2015...

CLIMATE NORMAL PERIOD 1981 TO 2010
CLIMATE RECORD PERIOD 1896 TO 2015


WEATHER ITEM   OBSERVED TIME   RECORD YEAR NORMAL DEPARTURE LAST
                VALUE   (LST)  VALUE       VALUE  FROM      YEAR
                                                  NORMAL
..................................................................
TEMPERATURE (F)
 YESTERDAY
  MAXIMUM         73    324 PM  93    1989  68      5       79
  MINIMUM         48   1159 PM  21    1910  38     10       38
  AVERAGE         61                        53      8       59

PRECIPITATION (IN)
  YESTERDAY        0.06                      0.09  -0.03     0.00
  MONTH TO DATE    1.95                      1.84   0.11     0.84
  SINCE MAR 1      1.98                      3.20  -1.22     1.10
  SINCE JAN 1      2.32                      4.33  -2.01     1.59

..................................................................


THE MCCOOK NE CLIMATE NORMALS FOR TODAY
                         NORMAL    RECORD    YEAR
 MAXIMUM TEMPERATURE (F)   68        93      1955
 MINIMUM TEMPERATURE (F)   39        23      2006


-  INDICATES NEGATIVE NUMBERS.
R  INDICATES RECORD WAS SET OR TIED.
MM INDICATES DATA IS MISSING.
T  INDICATES TRACE AMOUNT.

$$
