000
CDUS42 KMLB 030635
CLIMCO


CLIMATE REPORT
NATIONAL WEATHER SERVICE MELBOURNE FL
235 AM EDT SUN MAY 3 2015


...................................

...THE ORLANDO  CLIMATE SUMMARY FOR MAY 2 2015...

CLIMATE NORMAL PERIOD 1981 TO 2010
CLIMATE RECORD PERIOD 1892 TO 2015


WEATHER ITEM   OBSERVED TIME   RECORD YEAR NORMAL DEPARTURE LAST
                VALUE   (LST)  VALUE       VALUE  FROM      YEAR
                                                  NORMAL
..................................................................
TEMPERATURE (F)
 YESTERDAY
  MAXIMUM         82    158 PM  97    1906  86     -4       80
  MINIMUM         60    609 AM  49    1925  63     -3       71
  AVERAGE         71                        74     -3       76

PRECIPITATION (IN)
  YESTERDAY        0.00          1.70 2013   0.07  -0.07     0.80
  MONTH TO DATE    0.00                      0.14  -0.14     0.80
  SINCE MAR 1      4.96                      6.59  -1.63     9.52
  SINCE JAN 1     13.06                     11.32   1.74    14.56

SNOWFALL (IN)
  YESTERDAY        0.0
  MONTH TO DATE    0.0
  SINCE MAR 1      0.0
  SINCE JUL 1      0.0

DEGREE DAYS
 HEATING
  YESTERDAY        0                         0      0        0
  MONTH TO DATE    0                         0      0        0
  SINCE MAR 1     16                        71    -55       42
  SINCE JUL 1    486                       570    -84      406

 COOLING
  YESTERDAY        6                         9     -3       11
  MONTH TO DATE   14                        18     -4       26
  SINCE MAR 1    666                       335    331      398
  SINCE JAN 1    740                       439    301      548
..................................................................


WIND (MPH)
  HIGHEST WIND SPEED    16   HIGHEST WIND DIRECTION     E (70)
  HIGHEST GUST SPEED    21   HIGHEST GUST DIRECTION    NE (60)
  AVERAGE WIND SPEED     9.2


SKY COVER
  AVERAGE SKY COVER 0.2


WEATHER CONDITIONS
 THE FOLLOWING WEATHER WAS RECORDED YESTERDAY.
  NO SIGNIFICANT WEATHER WAS OBSERVED.


RELATIVE HUMIDITY (PERCENT)
 HIGHEST    84           400 AM
 LOWEST     39          1200 PM
 AVERAGE    62

..........................................................


THE ORLANDO  CLIMATE NORMALS FOR TODAY
                         NORMAL    RECORD    YEAR
 MAXIMUM TEMPERATURE (F)   86        99      1915
 MINIMUM TEMPERATURE (F)   63        47      1925


SUNRISE AND SUNSET
MAY  3 2015...........SUNRISE   643 AM EDT   SUNSET   801 PM EDT
MAY  4 2015...........SUNRISE   643 AM EDT   SUNSET   802 PM EDT


-  INDICATES NEGATIVE NUMBERS.
R  INDICATES RECORD WAS SET OR TIED.
MM INDICATES DATA IS MISSING.
T  INDICATES TRACE AMOUNT.




$$
