000
CDUS43 KLOT 242140
CLIMDW


CLIMATE REPORT
NATIONAL WEATHER SERVICE CHICAGO IL
438 PM CDT FRI APR 24 2015


...................................

...THE CHICAGO-MIDWAY CLIMATE SUMMARY FOR APRIL 24 2015...
VALID TODAY AS OF 0400 PM LOCAL TIME.

CLIMATE NORMAL PERIOD 1981 TO 2010
CLIMATE RECORD PERIOD 1928 TO 2015


WEATHER ITEM   OBSERVED TIME   RECORD YEAR NORMAL DEPARTURE
                VALUE   (LST)  VALUE       VALUE  FROM
                                                  NORMAL
...............................................................
TEMPERATURE (F)
 TODAY
  MAXIMUM         60   1238 PM  89    1990  63     -3
  MINIMUM         35    449 AM  29    1930  45    -10
  AVERAGE         48                        54     -6

PRECIPITATION (IN)
  TODAY            0.00          2.05 1976   0.12  -0.12
  MONTH TO DATE    2.31                      2.88  -0.57
  SINCE MAR 1      2.79                      5.60  -2.81
  SINCE JAN 1      4.13                      9.60  -5.47

DEGREE DAYS
 HEATING
  TODAY           17                        12      5
  MONTH TO DATE  272                       385   -113
  SINCE MAR 1   1098                      1197    -99
  SINCE JUL 1   5820                      5708    112

 COOLING
  TODAY            0                         1     -1
  MONTH TO DATE    0                         6     -6
  SINCE MAR 1      0                         7     -7
  SINCE JAN 1      0                         7     -7
...............................................................


WIND (MPH)
  RESULTANT WIND SPEED   3   RESULTANT WIND DIRECTION   E (90)
  HIGHEST WIND SPEED    16   HIGHEST WIND DIRECTION     E (80)
  HIGHEST GUST SPEED    18   HIGHEST GUST DIRECTION    NE (60)
  AVERAGE WIND SPEED     4.1


SKY COVER
  POSSIBLE SUNSHINE  MM
  AVERAGE SKY COVER 0.5


WEATHER CONDITIONS
 THE FOLLOWING WEATHER WAS RECORDED TODAY.
  NO SIGNIFICANT WEATHER WAS OBSERVED.


..........................................................


THE CHICAGO-MIDWAY CLIMATE NORMALS FOR TOMORROW
                         NORMAL    RECORD    YEAR
 MAXIMUM TEMPERATURE (F)   63        89      1990
 MINIMUM TEMPERATURE (F)   45        27      1934


SUNRISE AND SUNSET
APRIL 24 2015.........SUNRISE   558 AM CDT   SUNSET   741 PM CDT
APRIL 25 2015.........SUNRISE   556 AM CDT   SUNSET   743 PM CDT


-  INDICATES NEGATIVE NUMBERS.
R  INDICATES RECORD WAS SET OR TIED.
MM INDICATES DATA IS MISSING.
T  INDICATES TRACE AMOUNT.




$$
