000
CDUS41 KPBZ 252136
CLIMGW


CLIMATE REPORT
NATIONAL WEATHER SERVICE PITTSBURGH PA
535 PM EDT SAT APR 25 2015


...................................

...THE MORGANTOWN WV CLIMATE SUMMARY FOR APRIL 25 2015...
VALID TODAY AS OF 0500 PM LOCAL TIME.

CLIMATE NORMAL PERIOD 1981 TO 2010
CLIMATE RECORD PERIOD 1948 TO 2015


WEATHER ITEM   OBSERVED TIME   RECORD YEAR NORMAL DEPARTURE LAST
                VALUE   (LST)  VALUE       VALUE  FROM      YEAR
                                                  NORMAL
..................................................................
TEMPERATURE (F)
 TODAY
  MAXIMUM         52    342 PM  88    2009  67    -15       69
  MINIMUM         40    546 AM  26    1956  44     -4       49
  AVERAGE         46                        56    -10       59

PRECIPITATION (IN)
  TODAY            0.00         MM      MM   0.12  -0.12     0.24
  MONTH TO DATE    5.06                      2.93   2.13     2.34
  SINCE JUN 1     41.77                     36.63   5.14    38.70
  SINCE JAN 1     15.54                     11.99   3.55    10.27

DEGREE DAYS
 HEATING
  TODAY           19                        10      9        6
  MONTH TO DATE  248                       335    -87      261
  SINCE MAR 1   1010                      1047    -37     1124
  SINCE JUL 1   5134                      4936    198     5250

 COOLING
  TODAY            0                         1     -1        0
  MONTH TO DATE    8                         7      1       18
  SINCE MAR 1      8                         9     -1       18
  SINCE JAN 1      8                         9     -1       18
..................................................................


WIND (MPH)
  RESULTANT WIND SPEED   4   RESULTANT WIND DIRECTION  NE (30)
  HIGHEST WIND SPEED    10   HIGHEST WIND DIRECTION     N (20)
  HIGHEST GUST SPEED    15   HIGHEST GUST DIRECTION     N (20)
  AVERAGE WIND SPEED     4.1


SKY COVER
  POSSIBLE SUNSHINE  MM
  AVERAGE SKY COVER 0.9


WEATHER CONDITIONS
 THE FOLLOWING WEATHER WAS RECORDED TODAY.
  NO SIGNIFICANT WEATHER WAS OBSERVED.


RELATIVE HUMIDITY (PERCENT)
 HIGHEST    51           300 AM
 LOWEST     38           200 PM
 AVERAGE    45

..........................................................


THE MORGANTOWN WV CLIMATE NORMALS FOR TOMORROW
                         NORMAL    RECORD    YEAR
 MAXIMUM TEMPERATURE (F)   68        87      2009
                                             1990
 MINIMUM TEMPERATURE (F)   45        25      1972


SUNRISE AND SUNSET
APRIL 25 2015.........SUNRISE   628 AM EDT   SUNSET   807 PM EDT
APRIL 26 2015.........SUNRISE   627 AM EDT   SUNSET   808 PM EDT


-  INDICATES NEGATIVE NUMBERS.
R  INDICATES RECORD WAS SET OR TIED.
MM INDICATES DATA IS MISSING.
T  INDICATES TRACE AMOUNT.




$$
