000
CDUS42 KMLB 270626
CLIMLB


CLIMATE REPORT
NATIONAL WEATHER SERVICE MELBOURNE FL
226 AM EDT MON APR 27 2015


...................................

...THE MELBOURNE CLIMATE SUMMARY FOR APRIL 26 2015...

CLIMATE NORMAL PERIOD 1981 TO 2010
CLIMATE RECORD PERIOD 1939 TO 2015


WEATHER ITEM   OBSERVED TIME   RECORD YEAR NORMAL DEPARTURE LAST
                VALUE   (LST)  VALUE       VALUE  FROM      YEAR
                                                  NORMAL
..................................................................
TEMPERATURE (F)
 YESTERDAY
  MAXIMUM         93R   207 PM  92    2006  82     11       84
  MINIMUM         74    637 AM  47    1983  62     12       64
                                      1968
  AVERAGE         84                        72     12       74

PRECIPITATION (IN)
  YESTERDAY        0.00          1.54 2010   0.07  -0.07     0.00
  MONTH TO DATE    3.45                      1.87   1.58     3.36
  SINCE MAR 1      3.88                      5.15  -1.27     5.38
  SINCE JAN 1      9.99                      9.95   0.04    12.44

SNOWFALL (IN)
  YESTERDAY        0.0
  MONTH TO DATE    0.0
  SINCE JUL 1      0.0

DEGREE DAYS
 HEATING
  YESTERDAY        0                         0      0        0
  MONTH TO DATE    0                        15    -15        3
  SINCE MAR 1     14                        86    -72       52
  SINCE JUL 1    424                       575   -151      358

 COOLING
  YESTERDAY       19                         7     12        9
  MONTH TO DATE  325                       145    180      177
  SINCE MAR 1    564                       244    320      288
  SINCE JAN 1    662                       342    320      456
..................................................................


WIND (MPH)
  HIGHEST WIND SPEED    25   HIGHEST WIND DIRECTION     W (270)
  HIGHEST GUST SPEED    33   HIGHEST GUST DIRECTION     W (280)
  AVERAGE WIND SPEED    13.7


SKY COVER
  AVERAGE SKY COVER 0.2


WEATHER CONDITIONS
 THE FOLLOWING WEATHER WAS RECORDED YESTERDAY.
  NO SIGNIFICANT WEATHER WAS OBSERVED.


RELATIVE HUMIDITY (PERCENT)
 HIGHEST    93           400 AM
 LOWEST     49           300 PM
 AVERAGE    71

..........................................................


THE MELBOURNE CLIMATE NORMALS FOR TODAY
                         NORMAL    RECORD    YEAR
 MAXIMUM TEMPERATURE (F)   83        93      1961
 MINIMUM TEMPERATURE (F)   62        47      1978


SUNRISE AND SUNSET
APRIL 27 2015.........SUNRISE   646 AM EDT   SUNSET   755 PM EDT
APRIL 28 2015.........SUNRISE   645 AM EDT   SUNSET   755 PM EDT


-  INDICATES NEGATIVE NUMBERS.
R  INDICATES RECORD WAS SET OR TIED.
MM INDICATES DATA IS MISSING.
T  INDICATES TRACE AMOUNT.




$$
