000
CDUS41 KBTV 250539
CLIMSS


CLIMATE REPORT
NATIONAL WEATHER SERVICE BURLINGTON VT
129 AM EDT SAT APR 25 2015


...................................

...THE MASSENA NY CLIMATE SUMMARY FOR APRIL 24 2015...

CLIMATE NORMAL PERIOD 1981 TO 2010
CLIMATE RECORD PERIOD 1948 TO 2015


WEATHER ITEM   OBSERVED TIME   RECORD YEAR NORMAL DEPARTURE LAST
                VALUE   (LST)  VALUE       VALUE  FROM      YEAR
                                                  NORMAL
..................................................................
TEMPERATURE (F)
 YESTERDAY
  MAXIMUM         40    338 PM  80    1958  59    -19       53
  MINIMUM         34    929 AM  25    1986  36     -2       32
  AVERAGE         37                        48    -11       43

PRECIPITATION (IN)
  YESTERDAY        T             0.76        0.09  -0.09     0.00
  MONTH TO DATE    2.48                      2.24   0.24     2.72
  SINCE MAR 1      3.02                      4.33  -1.31     3.63
  SINCE JAN 1      4.44                      8.28  -3.84     6.37

DEGREE DAYS
 HEATING
  YESTERDAY       28                        18     10       22
  MONTH TO DATE  542                       553    -11      583
  SINCE MAR 1   1837                      1697    140     2011
  SINCE JUL 1   8003                      7684    319     8180

 COOLING
  YESTERDAY        0                         0      0        0
  MONTH TO DATE    0                         0      0        0
  SINCE MAR 1      0                         0      0        0
  SINCE JAN 1      0                         0      0        0
..................................................................


WIND (MPH)
  HIGHEST WIND SPEED    21   HIGHEST WIND DIRECTION     W (280)
  HIGHEST GUST SPEED    28   HIGHEST GUST DIRECTION     W (290)
  AVERAGE WIND SPEED    13.0


SKY COVER
  AVERAGE SKY COVER 1.0


WEATHER CONDITIONS
 THE FOLLOWING WEATHER WAS RECORDED YESTERDAY.
  LIGHT SNOW


RELATIVE HUMIDITY (PERCENT)
 HIGHEST    70          1200 AM
 LOWEST     44           400 PM
 AVERAGE    57

..........................................................


THE MASSENA NY CLIMATE NORMALS FOR TODAY
                         NORMAL    RECORD    YEAR
 MAXIMUM TEMPERATURE (F)   59        83      2009
 MINIMUM TEMPERATURE (F)   37        21      1974


SUNRISE AND SUNSET
APRIL 25 2015.........SUNRISE   559 AM EDT   SUNSET   757 PM EDT
APRIL 26 2015.........SUNRISE   557 AM EDT   SUNSET   758 PM EDT


-  INDICATES NEGATIVE NUMBERS.
R  INDICATES RECORD WAS SET OR TIED.
MM INDICATES DATA IS MISSING.
T  INDICATES TRACE AMOUNT.




$$
