000
CDUS41 KOKX 280618
CLINYC


CLIMATE REPORT
NATIONAL WEATHER SERVICE NEW YORK NY
217 AM EDT TUE APR 28 2015


...................................

...THE CENTRAL PARK NY CLIMATE SUMMARY FOR APRIL 27 2015...

CLIMATE NORMAL PERIOD 1981 TO 2010
CLIMATE RECORD PERIOD 1869 TO 2015


WEATHER ITEM   OBSERVED TIME   RECORD YEAR NORMAL DEPARTURE LAST
                VALUE   (LST)  VALUE       VALUE  FROM      YEAR
                                                  NORMAL
..................................................................
TEMPERATURE (F)
 YESTERDAY
  MAXIMUM         62    400 PM  92    1915  65     -3       59
  MINIMUM         49    617 AM  36    1932  48      1       47
  AVERAGE         56                        57     -1       53

PRECIPITATION (IN)
  YESTERDAY        0.00          2.04 2007   0.14  -0.14     0.00
  MONTH TO DATE    2.08                      4.08  -2.00     2.85
  SINCE MAR 1      6.80                      8.44  -1.64     6.52
  SINCE JAN 1     14.07                     15.18  -1.11    14.79

SNOWFALL (IN)
  YESTERDAY        0.0           T    1967   0.0    0.0      0.0
                                      2000
  MONTH TO DATE    0.0                       0.6   -0.6       T
  SINCE OCT 1     50.3                      25.8   24.5     57.4
  SINCE JUL 1     50.3                      25.8   24.5     57.4
  SNOW DEPTH       0

DEGREE DAYS
 HEATING
  YESTERDAY        9                         9      0       12
  MONTH TO DATE  307                       346    -39      333
  SINCE MAR 1   1133                      1046     87     1175
  SINCE JUL 1   4892                      4568    324     4845

 COOLING
  YESTERDAY        0                         1     -1        0
  MONTH TO DATE    5                         6     -1        4
  SINCE MAR 1      5                         7     -2        4
  SINCE JAN 1      5                         7     -2        4
..................................................................


WIND (MPH)
  HIGHEST WIND SPEED    16   HIGHEST WIND DIRECTION    NW (310)
  HIGHEST GUST SPEED    28   HIGHEST GUST DIRECTION    NW (310)
  AVERAGE WIND SPEED     5.9


SKY COVER
  AVERAGE SKY COVER 0.8


WEATHER CONDITIONS
 THE FOLLOWING WEATHER WAS RECORDED YESTERDAY.
  NO SIGNIFICANT WEATHER WAS OBSERVED.


RELATIVE HUMIDITY (PERCENT)
 HIGHEST    50           500 AM
 LOWEST     29           400 PM
 AVERAGE    40

..........................................................


THE CENTRAL PARK NY CLIMATE NORMALS FOR TODAY
                         NORMAL    RECORD    YEAR
 MAXIMUM TEMPERATURE (F)   66        90      2009
                                             1990
 MINIMUM TEMPERATURE (F)   49        34      1934
                                             1874


SUNRISE AND SUNSET
APRIL 28 2015.........SUNRISE   559 AM EDT   SUNSET   749 PM EDT
APRIL 29 2015.........SUNRISE   557 AM EDT   SUNSET   750 PM EDT


-  INDICATES NEGATIVE NUMBERS.
R  INDICATES RECORD WAS SET OR TIED.
MM INDICATES DATA IS MISSING.
T  INDICATES TRACE AMOUNT.




$$
