000
CDUS43 KOAX 192149
CLIOFK


CLIMATE REPORT
NATIONAL WEATHER SERVICE OMAHA NEBRASKA
447 PM CDT SUN APR 19 2015


...................................

...THE NORFOLK, NEBRASKA CLIMATE SUMMARY FOR APRIL 19 2015...
VALID TODAY AS OF 0400 PM LOCAL TIME.

CLIMATE NORMAL PERIOD 1981 TO 2010
CLIMATE RECORD PERIOD 1888 TO 2015


WEATHER ITEM   OBSERVED TIME   RECORD YEAR NORMAL DEPARTURE LAST
                VALUE   (LST)  VALUE       VALUE  FROM      YEAR
                                                  NORMAL
..................................................................
TEMPERATURE (F)
 TODAY
  MAXIMUM         58    242 PM  90    1987  63     -5       74
  MINIMUM         50   1119 AM  13    1907  39     11       53
  AVERAGE         54                        51      3       64

PRECIPITATION (IN)
  TODAY            0.00          1.46 1993   0.09  -0.09     0.00
  MONTH TO DATE    1.91                      1.56   0.35     1.46
  SINCE MAR 1      2.73                      3.33  -0.60     1.83
  SINCE JAN 1      3.61                      4.68  -1.07     2.39

SNOWFALL (IN)
  TODAY            0.0                       0.1   -0.1      0.0
  MONTH TO DATE    0.2                       2.0   -1.8      4.5
  SINCE JUL 1     20.7                      29.9   -9.2     19.9
  SNOW DEPTH       0

DEGREE DAYS
 HEATING
  TODAY           11                        14     -3        1
  MONTH TO DATE  221                       337   -116      348
  SINCE MAR 1    904                      1193   -289     1292
  SINCE JUL 1   5950                      6286   -336     6642

 COOLING
  TODAY            0                         1     -1        0
  MONTH TO DATE    5                         1      4        0
  SINCE MAR 1      5                         1      4        0
  SINCE JAN 1      5                         1      4        0
..................................................................


WIND (MPH)
  HIGHEST WIND SPEED    35   HIGHEST WIND DIRECTION    NW (330)
  HIGHEST GUST SPEED    44   HIGHEST GUST DIRECTION    NW (320)
  AVERAGE WIND SPEED    MM


SKY COVER
  POSSIBLE SUNSHINE  MM
  AVERAGE SKY COVER  MM


WEATHER CONDITIONS
 THE FOLLOWING WEATHER WAS RECORDED TODAY.
  NO SIGNIFICANT WEATHER WAS OBSERVED.


RELATIVE HUMIDITY (PERCENT)
 HIGHEST    MM
 LOWEST     MM
 AVERAGE    MM

..........................................................


THE NORFOLK, NEBRASKA CLIMATE NORMALS FOR TOMORROW
                         NORMAL    RECORD    YEAR
 MAXIMUM TEMPERATURE (F)   64        91      1989
                                             1980
 MINIMUM TEMPERATURE (F)   39        22      1953
                                             1943


SUNRISE AND SUNSET
APRIL 19 2015.........SUNRISE   643 AM CDT   SUNSET   815 PM CDT
APRIL 20 2015.........SUNRISE   642 AM CDT   SUNSET   816 PM CDT


-  INDICATES NEGATIVE NUMBERS.
R  INDICATES RECORD WAS SET OR TIED.
MM INDICATES DATA IS MISSING.
T  INDICATES TRACE AMOUNT.




$$
