000
CDUS42 KCAE 070528
CLIOGB


CLIMATE REPORT
NATIONAL WEATHER SERVICE COLUMBIA SC
127 AM EDT THU MAY 7 2015


...................................

...THE ORANGEBURG AIRPORT SC CLIMATE SUMMARY FOR MAY 6 2015...

CLIMATE NORMAL PERIOD 1981 TO 2010
CLIMATE RECORD PERIOD 9999 TO 9999


WEATHER ITEM   OBSERVED TIME   NORMAL DEPARTURE LAST
                VALUE   (LST)  VALUE  FROM      YEAR
                                      NORMAL
......................................................
TEMPERATURE (F)
 YESTERDAY
  MAXIMUM         82    446 PM  82      0       91
  MINIMUM         55    634 AM  56     -1       62
  AVERAGE         69            69      0       77

PRECIPITATION (IN)
  YESTERDAY        0.00          0.09  -0.09     0.00
  MONTH TO DATE    0.00          0.48  -0.48     0.13
  SINCE MAR 1      6.09          7.31  -1.22     6.73
  SINCE JAN 1     12.94         14.88  -1.94    12.65

DEGREE DAYS
 HEATING
  YESTERDAY        0             1     -1        0
  MONTH TO DATE    7             6      1        2
  SINCE MAR 1    252           391   -139      466
  SINCE JUL 1   2326          2323      3     2330

 COOLING
  YESTERDAY        4             5     -1       12
  MONTH TO DATE   10            25    -15       31
  SINCE MAR 1    132           107     25      114
  SINCE JAN 1    132           110     22      120
......................................................


WIND (MPH)
  HIGHEST WIND SPEED    15   HIGHEST WIND DIRECTION    NE (30)
  HIGHEST GUST SPEED    19   HIGHEST GUST DIRECTION    NE (30)
  AVERAGE WIND SPEED     3.8


SKY COVER
  AVERAGE SKY COVER 0.0


WEATHER CONDITIONS
 THE FOLLOWING WEATHER WAS RECORDED YESTERDAY.
  NO SIGNIFICANT WEATHER WAS OBSERVED.


RELATIVE HUMIDITY (PERCENT)
 HIGHEST    93           400 AM
 LOWEST     30           400 PM

..........................................................


THE ORANGEBURG AIRPORT SC CLIMATE NORMALS FOR TODAY
                         NORMAL    RECORD    YEAR
 MAXIMUM TEMPERATURE (F)   82        MM        MM
 MINIMUM TEMPERATURE (F)   56        MM        MM


SUNRISE AND SUNSET
MAY  7 2015...........SUNRISE   630 AM EDT   SUNSET   811 PM EDT
MAY  8 2015...........SUNRISE   629 AM EDT   SUNSET   811 PM EDT


-  INDICATES NEGATIVE NUMBERS.
R  INDICATES RECORD WAS SET OR TIED.
MM INDICATES DATA IS MISSING.
T  INDICATES TRACE AMOUNT.




$$
