000
CDUS46 KMFR 060847
CLIOTH


CLIMATE REPORT
NATIONAL WEATHER SERVICE MEDFORD, OR
147 AM PDT WED MAY 6 2015


...................................

...THE NORTH BEND OR CLIMATE SUMMARY FOR MAY 5 2015...

CLIMATE NORMAL PERIOD 1981 TO 2010
CLIMATE RECORD PERIOD 1902 TO 2015


WEATHER ITEM   OBSERVED TIME   RECORD YEAR NORMAL DEPARTURE LAST
                VALUE   (LST)  VALUE       VALUE  FROM      YEAR
                                                  NORMAL
..................................................................
TEMPERATURE (F)
 YESTERDAY
  MAXIMUM         59        MM  84    2013  58      1       57
  MINIMUM         45        MM  31    1909  45      0       48
  AVERAGE         52                        52      0       53

PRECIPITATION (IN)
  YESTERDAY        0.00          2.13 1963   0.12  -0.12     0.04
  MONTH TO DATE    0.00                      0.60  -0.60     0.31
  SINCE OCT 1     41.94                     57.47 -15.53    25.55
  SINCE JAN 1     18.64                     31.38 -12.74    19.93

SNOWFALL (IN)
  YESTERDAY       MM
  SNOW DEPTH      MM

DEGREE DAYS
 HEATING
  YESTERDAY       13                        13      0       12
  MONTH TO DATE   65                        69     -4       38
  SINCE MAR 1    918                      1081   -163      874
  SINCE JUL 1   3022                      4255  -1233     3671

 COOLING
  YESTERDAY        0                         0      0        0
  MONTH TO DATE    0                         0      0        2
  SINCE MAR 1      0                         0      0       10
  SINCE JAN 1      0                         0      0       10
..................................................................


WIND (MPH)
  HIGHEST WIND SPEED    15   HIGHEST WIND DIRECTION    NW (330)
  HIGHEST GUST SPEED    20   HIGHEST GUST DIRECTION     N (340)
  AVERAGE WIND SPEED     6.8


SKY COVER
  POSSIBLE SUNSHINE  MM
  AVERAGE SKY COVER 0.3


WEATHER CONDITIONS
 THE FOLLOWING WEATHER WAS RECORDED YESTERDAY.
  NO SIGNIFICANT WEATHER WAS OBSERVED.


RELATIVE HUMIDITY (PERCENT)
 HIGHEST   100           200 AM
 LOWEST     62           100 PM

..........................................................


THE NORTH BEND OR CLIMATE NORMALS FOR TODAY
                         NORMAL    RECORD    YEAR
 MAXIMUM TEMPERATURE (F)   58        87      1949
 MINIMUM TEMPERATURE (F)   46        32      1919
                                             1984


SUNRISE AND SUNSET
MAY  6 2015...........SUNRISE   603 AM PDT   SUNSET   825 PM PDT
MAY  7 2015...........SUNRISE   602 AM PDT   SUNSET   826 PM PDT


-  INDICATES NEGATIVE NUMBERS.
R  INDICATES RECORD WAS SET OR TIED.
MM INDICATES DATA IS MISSING.
T  INDICATES TRACE AMOUNT.




$$
