000
CDUS43 KDDC 281438
CLIP28


CLIMATE REPORT
NATIONAL WEATHER SERVICE DODGE CITY KS
937 AM CDT TUE APR 28 2015


...................................

...THE MEDICINE LODGE KS CLIMATE SUMMARY FOR APRIL 28 2015...
VALID AS OF 0800 AM LOCAL TIME.

CLIMATE NORMAL PERIOD 1981 TO 2010
CLIMATE RECORD PERIOD 1893 TO 2015


WEATHER ITEM   OBSERVED TIME   RECORD YEAR NORMAL DEPARTURE LAST
                VALUE   (LST)  VALUE       VALUE  FROM      YEAR
                                                  NORMAL
..................................................................
TEMPERATURE (F)
 TODAY
  MAXIMUM         49    806 AM  96    1910  73    -24       72
  MINIMUM         43    452 AM  31    1979  48     -5       48
  AVERAGE         46                        60    -14       60

PRECIPITATION (IN)
  TODAY            0.00          1.21 1994   0.10  -0.10     0.00
  MONTH TO DATE    3.48                      2.24   1.24     0.63
  SINCE MAR 1      3.86                      4.50  -0.64     1.12
  SINCE JAN 1      5.17                      6.25  -1.08     2.07

..................................................................


WIND (MPH)
  HIGHEST WIND SPEED     9   HIGHEST WIND DIRECTION     N (360)
  HIGHEST GUST SPEED    12   HIGHEST GUST DIRECTION     N (360)



WEATHER CONDITIONS
 THE FOLLOWING WEATHER WAS RECORDED TODAY.
  NO SIGNIFICANT WEATHER WAS OBSERVED.


RELATIVE HUMIDITY (PERCENT)
 HIGHEST    MM

..........................................................


THE MEDICINE LODGE KS CLIMATE NORMALS FOR TOMORROW
                         NORMAL    RECORD    YEAR
 MAXIMUM TEMPERATURE (F)   73       100      1910
 MINIMUM TEMPERATURE (F)   49        32      1907


SUNRISE AND SUNSET
APRIL 28 2015.........SUNRISE   643 AM CDT   SUNSET   821 PM CDT
APRIL 29 2015.........SUNRISE   642 AM CDT   SUNSET   822 PM CDT


-  INDICATES NEGATIVE NUMBERS.
R  INDICATES RECORD WAS SET OR TIED.
MM INDICATES DATA IS MISSING.
T  INDICATES TRACE AMOUNT.




$$
