000
CDUS44 KLZK 012116
CLIPBF


CLIMATE REPORT
NATIONAL WEATHER SERVICE LITTLE ROCK AR
416 PM CDT WED APR 1 2015


...................................

...THE PINE BLUFF CLIMATE SUMMARY FOR APRIL 1 2015...
VALID TODAY AS OF 0400 PM LOCAL TIME.

CLIMATE NORMAL PERIOD 1981 TO 2010
CLIMATE RECORD PERIOD 1883 TO 2015


WEATHER ITEM   OBSERVED TIME   RECORD YEAR NORMAL DEPARTURE LAST
                VALUE   (LST)  VALUE       VALUE  FROM      YEAR
                                                  NORMAL
..................................................................
TEMPERATURE (F)
 TODAY
  MAXIMUM         81    158 PM  92    1974  70     11       71
  MINIMUM         58    554 AM  29    1924  48     10       50
  AVERAGE         70                        59     11       61

PRECIPITATION (IN)
  TODAY            0.00          3.00 1912   0.18  -0.18     0.00
  MONTH TO DATE    0.00                      0.18  -0.18     0.00
  SINCE MAR 1      8.04                      5.58   2.46     4.46
  SINCE JAN 1     14.97                     13.40   1.57     9.89

SNOWFALL (IN)
  TODAY            0.0          MM      MM   0.0    0.0      0.0
  MONTH TO DATE    0.0                       0.0    0.0      0.0
  SINCE MAR 1      2.0                       0.0    2.0       T
  SINCE JUL 1      9.2                       3.1    6.1      3.7
  SNOW DEPTH       0

DEGREE DAYS
 HEATING
  TODAY            0                         7     -7        4
  MONTH TO DATE    0                         7     -7        4
  SINCE MAR 1    415                       354     61      488
  SINCE JUL 1   3149                      2742    407     3257

 COOLING
  TODAY            5                         1      4        0
  MONTH TO DATE    5                         1      4        0
  SINCE MAR 1     15                        18     -3        0
  SINCE JAN 1     15                        21     -6        0
..................................................................


WIND (MPH)
  HIGHEST WIND SPEED    15   HIGHEST WIND DIRECTION     S (180)
  HIGHEST GUST SPEED    MM   HIGHEST GUST DIRECTION    MM
  AVERAGE WIND SPEED     7.5


SKY COVER
  POSSIBLE SUNSHINE  MM
  AVERAGE SKY COVER 0.3


WEATHER CONDITIONS
 THE FOLLOWING WEATHER WAS RECORDED TODAY.
  FOG


RELATIVE HUMIDITY (PERCENT)
 HIGHEST   100           300 AM
 LOWEST     51           300 PM
 AVERAGE    76

..........................................................


THE PINE BLUFF CLIMATE NORMALS FOR TOMORROW
                         NORMAL    RECORD    YEAR
 MAXIMUM TEMPERATURE (F)   71        87      1928
                                             2006
 MINIMUM TEMPERATURE (F)   48        30      1924


SUNRISE AND SUNSET
APRIL  1 2015.........SUNRISE   655 AM CDT   SUNSET   728 PM CDT
APRIL  2 2015.........SUNRISE   654 AM CDT   SUNSET   729 PM CDT


-  INDICATES NEGATIVE NUMBERS.
R  INDICATES RECORD WAS SET OR TIED.
MM INDICATES DATA IS MISSING.
T  INDICATES TRACE AMOUNT.




$$
