000
CDUS41 KPBZ 050725
CLIPHD


CLIMATE REPORT
NATIONAL WEATHER SERVICE PITTSBURGH PA
325 AM EDT TUE MAY 5 2015


...................................

...THE NEW PHILADELPHIA OH CLIMATE SUMMARY FOR MAY 4 2015...

CLIMATE NORMAL PERIOD 1981 TO 2010
CLIMATE RECORD PERIOD 1946 TO 2015


WEATHER ITEM   OBSERVED TIME   RECORD YEAR NORMAL DEPARTURE LAST
                VALUE   (LST)  VALUE       VALUE  FROM      YEAR
                                                  NORMAL
..................................................................
TEMPERATURE (F)
 YESTERDAY
  MAXIMUM         85    142 PM  86    2001  69     16       66
  MINIMUM         48            27    1971  44      4       40
  AVERAGE         67                        56     11       53

PRECIPITATION (IN)
  YESTERDAY        0.15         MM      MM   0.11   0.04      T
  MONTH TO DATE    0.16                      0.44  -0.28     0.09
  SINCE JUN 1     35.14                     35.17  -0.03    36.52
  SINCE JAN 1     10.41                     11.87  -1.46    11.88

DEGREE DAYS
 HEATING
  YESTERDAY        0                         9     -9       12
  MONTH TO DATE   13                        37    -24       43
  SINCE MAR 1   1205                      1245    -40     1414
  SINCE JUL 1   5823                      5452    371     6047

 COOLING
  YESTERDAY        2                         0      2        0
  MONTH TO DATE    2                         0      2        0
  SINCE MAR 1      5                         7     -2        1
  SINCE JAN 1      5                         7     -2        1
..................................................................


WIND (MPH)
  HIGHEST WIND SPEED    20   HIGHEST WIND DIRECTION     W (270)
  HIGHEST GUST SPEED    28   HIGHEST GUST DIRECTION    SW (220)
  AVERAGE WIND SPEED     5.8


SKY COVER
  POSSIBLE SUNSHINE  MM
  AVERAGE SKY COVER 0.3


WEATHER CONDITIONS
 THE FOLLOWING WEATHER WAS RECORDED YESTERDAY.
  HEAVY RAIN
  RAIN
  LIGHT RAIN
  FOG
  HAZE


RELATIVE HUMIDITY (PERCENT)
 HIGHEST    93           800 PM
 LOWEST     26           200 PM
 AVERAGE    60

..........................................................


THE NEW PHILADELPHIA OH CLIMATE NORMALS FOR TODAY
                         NORMAL    RECORD    YEAR
 MAXIMUM TEMPERATURE (F)   69        85      2001
 MINIMUM TEMPERATURE (F)   44        29      2005


SUNRISE AND SUNSET
MAY  5 2015...........SUNRISE   620 AM EDT   SUNSET   825 PM EDT
MAY  6 2015...........SUNRISE   619 AM EDT   SUNSET   826 PM EDT


-  INDICATES NEGATIVE NUMBERS.
R  INDICATES RECORD WAS SET OR TIED.
MM INDICATES DATA IS MISSING.
T  INDICATES TRACE AMOUNT.




$$
