000
CDUS45 KPSR 260837
CLIPHX

CLIMATE REPORT
NATIONAL WEATHER SERVICE PHOENIX AZ
136 AM MST SUN APR 26 2015


...................................

...THE PHOENIX AZ CLIMATE SUMMARY FOR APRIL 25 2015...

CLIMATE NORMAL PERIOD 1981 TO 2010
CLIMATE RECORD PERIOD 1895 TO 2015


WEATHER ITEM   OBSERVED TIME   RECORD YEAR NORMAL DEPARTURE LAST
                VALUE   (LST)  VALUE       VALUE  FROM      YEAR
                                                  NORMAL
..................................................................
TEMPERATURE (F)
 YESTERDAY
  MAXIMUM         81    408 PM 102    1898  88     -7       94
  MINIMUM         56   1159 PM  41    1964  63     -7       64
  AVERAGE         69                        76     -7       79

PRECIPITATION (IN)
  YESTERDAY        0.02          0.33 1963   0.01   0.01     0.00
  MONTH TO DATE    0.04                      0.26  -0.22      T
  SINCE OCT 1      2.23                      5.19  -2.96     3.81
  SINCE JAN 1      1.19                      3.08  -1.89     0.99

SNOWFALL (IN)
  YESTERDAY        0.0
  MONTH TO DATE    0.0
  SINCE JAN 1      0.0
  SINCE JUL 1      0.0
  SNOW DEPTH       0

DEGREE DAYS
 HEATING
  YESTERDAY        0                         0      0        0
  MONTH TO DATE    0                        17    -17        5
  SINCE MAR 1     25                        98    -73       12
  SINCE JUL 1    520                       931   -411      546

 COOLING
  YESTERDAY        4                        11     -7       14
  MONTH TO DATE  225                       193     32      266
  SINCE MAR 1    480                       280    200      403
  SINCE JAN 1    528                       297    231      465
..................................................................


WIND (MPH)
  HIGHEST WIND SPEED    35   HIGHEST WIND DIRECTION    NW (320)
  HIGHEST GUST SPEED    42   HIGHEST GUST DIRECTION     W (290)
  AVERAGE WIND SPEED    11.1


SKY COVER
  AVERAGE SKY COVER 0.7


WEATHER CONDITIONS
 THE FOLLOWING WEATHER WAS RECORDED YESTERDAY.
  LIGHT RAIN


RELATIVE HUMIDITY (PERCENT)
 HIGHEST    51           600 AM
 LOWEST     26           300 PM
 AVERAGE    39

..........................................................


THE PHOENIX AZ CLIMATE NORMALS FOR TODAY
                         NORMAL    RECORD    YEAR
 MAXIMUM TEMPERATURE (F)   88       101      1992
                                             1898
 MINIMUM TEMPERATURE (F)   63        42      1964


SUNRISE AND SUNSET
APRIL 26 2015.........SUNRISE   545 AM MST   SUNSET   707 PM MST
APRIL 27 2015.........SUNRISE   544 AM MST   SUNSET   708 PM MST


-  INDICATES NEGATIVE NUMBERS.
R  INDICATES RECORD WAS SET OR TIED.
MM INDICATES DATA IS MISSING.
T  INDICATES TRACE AMOUNT.

&&
.....................................................................

DEW POINT
  HIGHEST DEW POINT    51
   LOWEST DEW POINT    38
  AVERAGE DEW POINT    42
.....................................................................

$$
