000
CDUS44 KMOB 050630
CLIPNS


CLIMATE REPORT
NATIONAL WEATHER SERVICE MOBILE AL
129 AM CDT TUE MAY 5 2015


...................................

...THE PENSACOLA CLIMATE SUMMARY FOR MAY 4 2015...

CLIMATE NORMAL PERIOD 1981 TO 2010
CLIMATE RECORD PERIOD 1879 TO 2015


WEATHER ITEM   OBSERVED TIME   RECORD YEAR NORMAL DEPARTURE LAST
                VALUE   (LST)  VALUE       VALUE  FROM      YEAR
                                                  NORMAL
..................................................................
TEMPERATURE (F)
 YESTERDAY
  MAXIMUM         81    129 PM  97    1952  80      1       86
  MINIMUM         63    536 AM  44    1921  63      0       64
  AVERAGE         72                        72      0       75

PRECIPITATION (IN)
  YESTERDAY        0.00          2.89 2009   0.13  -0.13     0.00
  MONTH TO DATE    0.00                      0.52  -0.52     0.07
  SINCE MAR 1     12.36                     10.65   1.71    39.38
  SINCE JAN 1     22.77                     20.34   2.43    50.71

DEGREE DAYS
 COOLING
  YESTERDAY        7                         7      0       10
  MONTH TO DATE   15                        25    -10       17
  SINCE MAR 1    316                       159    157      151
  SINCE JAN 1    323                       173    150      166
..................................................................


WIND (MPH)
  HIGHEST WIND SPEED    18   HIGHEST WIND DIRECTION    SE (130)
  HIGHEST GUST SPEED    24   HIGHEST GUST DIRECTION    SE (140)
  AVERAGE WIND SPEED     8.8


SKY COVER
  POSSIBLE SUNSHINE  MM
  AVERAGE SKY COVER 0.0


WEATHER CONDITIONS
 THE FOLLOWING WEATHER WAS RECORDED YESTERDAY.
  NO SIGNIFICANT WEATHER WAS OBSERVED.


RELATIVE HUMIDITY (PERCENT)
 HIGHEST   100           500 AM
 LOWEST     48           300 PM
 AVERAGE    74

..........................................................


THE PENSACOLA CLIMATE NORMALS FOR TODAY
                         NORMAL    RECORD    YEAR
 MAXIMUM TEMPERATURE (F)   81        92      1955
 MINIMUM TEMPERATURE (F)   63        46      1921


SUNRISE AND SUNSET
MAY  5 2015...........SUNRISE   602 AM CDT   SUNSET   729 PM CDT
MAY  6 2015...........SUNRISE   601 AM CDT   SUNSET   730 PM CDT


-  INDICATES NEGATIVE NUMBERS.
R  INDICATES RECORD WAS SET OR TIED.
MM INDICATES DATA IS MISSING.
T  INDICATES TRACE AMOUNT.




$$
