000
CDUS46 KPDT 260936
CLIPSC

CLIMATE REPORT
NATIONAL WEATHER SERVICE PENDLETON OR
159 AM PDT SUN APR 26 2015


...................................

...THE PASCO WA CLIMATE SUMMARY FOR APRIL 25 2015...

CLIMATE NORMAL PERIOD 1981 TO 2010
CLIMATE RECORD PERIOD 1948 TO 2015


WEATHER ITEM   OBSERVED TIME   RECORD YEAR NORMAL DEPARTURE LAST
                VALUE   (LST)  VALUE       VALUE  FROM      YEAR
                                                  NORMAL
..................................................................
TEMPERATURE (F)
 YESTERDAY
  MAXIMUM         64    332 PM  86    2001  70     -6       60
  MINIMUM         40   1034 PM  31    2009  39      1       42
  AVERAGE         52                        55     -3       51

PRECIPITATION (IN)
  YESTERDAY        0.01          0.16 2011   0.01   0.00     0.00
  MONTH TO DATE    0.19                      0.55  -0.36     0.35
  SINCE OCT 1      4.28                      6.37  -2.09     2.67
  SINCE JAN 1      1.91                      3.42  -1.51     2.09

SNOWFALL (IN)
  YESTERDAY        0.0
  SNOW DEPTH       0

DEGREE DAYS
 HEATING
  YESTERDAY       13                        10      3       14
  MONTH TO DATE  339                       314     25      266
  SINCE MAR 1    788                       892   -104      825
  SINCE JUL 1   4244                      4775   -531     5054

 COOLING
  YESTERDAY        0                         0      0        0
  MONTH TO DATE    0                         0      0        0
  SINCE MAR 1      0                         0      0        0
  SINCE JAN 1      0                         0      0        0
..................................................................


WIND (MPH)
  RESULTANT WIND SPEED   5   RESULTANT WIND DIRECTION  SW (240)
  HIGHEST WIND SPEED    32   HIGHEST WIND DIRECTION    NW (300)
  HIGHEST GUST SPEED    42   HIGHEST GUST DIRECTION    NW (300)


SKY COVER
  POSSIBLE SUNSHINE  MM
  AVERAGE SKY COVER 0.4


WEATHER CONDITIONS
 THE FOLLOWING WEATHER WAS RECORDED YESTERDAY.
  LIGHT RAIN


RELATIVE HUMIDITY (PERCENT)
 HIGHEST    76
 LOWEST     18
 AVERAGE    47

..........................................................


THE PASCO WA CLIMATE NORMALS FOR TODAY
                         NORMAL    RECORD    YEAR
 MAXIMUM TEMPERATURE (F)   70        87      2001
 MINIMUM TEMPERATURE (F)   40        26      2008


SUNRISE AND SUNSET
APRIL 26 2015.........SUNRISE   551 AM PDT   SUNSET   758 PM PDT
APRIL 27 2015.........SUNRISE   549 AM PDT   SUNSET   800 PM PDT


-  INDICATES NEGATIVE NUMBERS.
R  INDICATES RECORD WAS SET OR TIED.
MM INDICATES DATA IS MISSING.
T  INDICATES TRACE AMOUNT.




$$
