000
CDUS46 KSGX 301417
CLIPSP


CLIMATE REPORT
NATIONAL WEATHER SERVICE SAN DIEGO, CA
716 AM PDT MON MAR 30 2015


...................................

...THE PALM SPRINGS INTL AIRPORT CA CLIMATE SUMMARY FOR MARCH 29 2015...

CLIMATE NORMAL PERIOD 1981 TO 2010
CLIMATE RECORD PERIOD 1893 TO 2015


WEATHER ITEM   OBSERVED TIME   RECORD YEAR NORMAL DEPARTURE LAST
                VALUE   (LST)  VALUE       VALUE  FROM      YEAR
                                                  NORMAL
..................................................................
TEMPERATURE (F)
 YESTERDAY
  MAXIMUM         98R   310 PM  98    1971  81     17       85
                                      1969
                                      1968
  MINIMUM         67    523 AM  36    1944  54     13       59
  AVERAGE         83                        68     15       72

PRECIPITATION (IN)
  YESTERDAY        0.00          0.03 1941   0.00   0.00     0.00
  MONTH TO DATE    0.83                      0.60   0.23     0.28
  SINCE OCT 1      2.09                      4.48  -2.39     0.88
  SINCE JAN 1      1.22                      2.63  -1.41     0.70

SNOWFALL (IN)
  YESTERDAY        0.0
  MONTH TO DATE    0.0
  SINCE MAR 1      0.0
  SINCE JUL 1      0.0
  SNOW DEPTH       0

DEGREE DAYS
 HEATING
  YESTERDAY        0                         1     -1        0
  MONTH TO DATE   29                        70    -41       12
  SINCE MAR 1     29                        70    -41       12
  SINCE JUL 1    400                       848   -448      423

 COOLING
  YESTERDAY       18                         4     14        7
  MONTH TO DATE  280                        83    197      157
  SINCE MAR 1    280                        83    197      157
  SINCE JAN 1    400                       110    290      265
..................................................................


WIND (MPH)
  RESULTANT WIND SPEED   1   RESULTANT WIND DIRECTION  SE (140)
  HIGHEST WIND SPEED    16   HIGHEST WIND DIRECTION    NW (320)
  HIGHEST GUST SPEED    25   HIGHEST GUST DIRECTION    NW (330)
  AVERAGE WIND SPEED     5.0


SKY COVER
  POSSIBLE SUNSHINE  MM
  AVERAGE SKY COVER 0.0


WEATHER CONDITIONS
 THE FOLLOWING WEATHER WAS RECORDED YESTERDAY.
  NO SIGNIFICANT WEATHER WAS OBSERVED.


RELATIVE HUMIDITY (PERCENT)
 HIGHEST    33           300 AM
 LOWEST      5          1100 AM
 AVERAGE    19

..........................................................


THE PALM SPRINGS INTL AIRPORT CA CLIMATE NORMALS FOR TODAY
                         NORMAL    RECORD    YEAR
 MAXIMUM TEMPERATURE (F)   81       100      1966
 MINIMUM TEMPERATURE (F)   54        39      1998
                                             1967
                                             1925


SUNRISE AND SUNSET
MARCH 30 2015.........SUNRISE   636 AM PDT   SUNSET   705 PM PDT
MARCH 31 2015.........SUNRISE   635 AM PDT   SUNSET   706 PM PDT


-  INDICATES NEGATIVE NUMBERS.
R  INDICATES RECORD WAS SET OR TIED.
MM INDICATES DATA IS MISSING.
T  INDICATES TRACE AMOUNT.




$$
