000
CDUS41 KBOX 270548
CLIPVD


CLIMATE REPORT
NATIONAL WEATHER SERVICE TAUNTON MA
144 AM EDT MON APR 27 2015


...................................

...THE PROVIDENCE RI CLIMATE SUMMARY FOR APRIL 26 2015...

CLIMATE NORMAL PERIOD 1981 TO 2010
CLIMATE RECORD PERIOD 1904 TO 2015


WEATHER ITEM   OBSERVED TIME   RECORD YEAR NORMAL DEPARTURE LAST
                VALUE   (LST)  VALUE       VALUE  FROM      YEAR
                                                  NORMAL
..................................................................
TEMPERATURE (F)
 YESTERDAY
  MAXIMUM         58    256 PM  88    2009  62     -4       48
  MINIMUM         41    511 AM  28    1919  43     -2       43
  AVERAGE         50                        53     -3       46

PRECIPITATION (IN)
  YESTERDAY        T             1.79 1931   0.14  -0.14     0.36
  MONTH TO DATE    2.45                      3.85  -1.40     4.36
  SINCE MAR 1      6.85                      8.86  -2.01    11.34
  SINCE JAN 1     13.20                     16.01  -2.81    19.74

SNOWFALL (IN)
  YESTERDAY        0.0           T    1975   0.0    0.0      0.0
  MONTH TO DATE    T                         0.6   -0.6      0.3
  SINCE MAR 1     16.3                       6.1   10.2      1.5
  SINCE JUL 1     76.2                      33.8   42.4     43.6
  SNOW DEPTH       0

DEGREE DAYS
 HEATING
  YESTERDAY       15                        13      2       19
  MONTH TO DATE  426                       432     -6      415
  SINCE MAR 1   1418                      1241    177     1369
  SINCE JUL 1   5780                      5303    477     5641

 COOLING
  YESTERDAY        0                         0      0        0
  MONTH TO DATE    0                         0      0        0
  SINCE MAR 1      0                         0      0        0
  SINCE JAN 1      0                         0      0        0
..................................................................


WIND (MPH)
  RESULTANT WIND SPEED   3   RESULTANT WIND DIRECTION   N (350)
  HIGHEST WIND SPEED    16   HIGHEST WIND DIRECTION     N (350)
  HIGHEST GUST SPEED    20   HIGHEST GUST DIRECTION     N (360)
  AVERAGE WIND SPEED     4.8


SKY COVER
  POSSIBLE SUNSHINE  MM
  AVERAGE SKY COVER 0.7


WEATHER CONDITIONS
 THE FOLLOWING WEATHER WAS RECORDED YESTERDAY.
  LIGHT RAIN


RELATIVE HUMIDITY (PERCENT)
 HIGHEST    65           500 AM
 LOWEST     33           500 PM
 AVERAGE    49

..........................................................


THE PROVIDENCE RI CLIMATE NORMALS FOR TODAY
                         NORMAL    RECORD    YEAR
 MAXIMUM TEMPERATURE (F)   63        89      1990
 MINIMUM TEMPERATURE (F)   43        32      1909


SUNRISE AND SUNSET
APRIL 27 2015.........SUNRISE   548 AM EDT   SUNSET   739 PM EDT
APRIL 28 2015.........SUNRISE   547 AM EDT   SUNSET   740 PM EDT


-  INDICATES NEGATIVE NUMBERS.
R  INDICATES RECORD WAS SET OR TIED.
MM INDICATES DATA IS MISSING.
T  INDICATES TRACE AMOUNT.




$$
