000
CDUS43 KUNR 250855
CLIRAP


CLIMATE REPORT
NATIONAL WEATHER SERVICE RAPID CITY SD
255 AM MDT SAT APR 25 2015


...................................

...THE RAPID CITY AIRPORT SD CLIMATE SUMMARY FOR APRIL 24 2015...

CLIMATE NORMAL PERIOD 1981 TO 2010
CLIMATE RECORD PERIOD 1942 TO 2015


WEATHER ITEM   OBSERVED TIME   RECORD YEAR NORMAL DEPARTURE LAST
                VALUE   (LST)  VALUE       VALUE  FROM      YEAR
                                                  NORMAL
..................................................................
TEMPERATURE (F)
 YESTERDAY
  MAXIMUM         69   1134 AM  89    1962  61      8       66
  MINIMUM         41    434 AM  22    2013  35      6       32
  AVERAGE         55                        48      7       49

PRECIPITATION (IN)
  YESTERDAY        0.02          0.48 2000   0.07  -0.05     0.00
  MONTH TO DATE    0.55                      1.29  -0.74     0.54
  SINCE MAR 1      0.65                      2.22  -1.57     1.63
  SINCE JAN 1      1.08                      2.96  -1.88     2.12

SNOWFALL (IN)
  YESTERDAY        0.0           5.5  2006   0.2   -0.2      0.0
  MONTH TO DATE    T                         6.8   -6.8      6.0
  SINCE MAR 1      1.2                      15.5  -14.3     20.4
  SINCE JUL 1     36.2                      38.9   -2.7     63.4
  SNOW DEPTH       0

DEGREE DAYS
 HEATING
  YESTERDAY       10                        17     -7       16
  MONTH TO DATE  487                       505    -18      521
  SINCE MAR 1   1189                      1423   -234     1538
  SINCE JUL 1   6297                      6633   -336     7171

 COOLING
  YESTERDAY        0                         0      0        0
  MONTH TO DATE    0                         0      0        0
  SINCE MAR 1      0                         0      0        0
  SINCE JAN 1      0                         0      0        0
..................................................................


WIND (MPH)
  HIGHEST WIND SPEED    21   HIGHEST WIND DIRECTION    NW (320)
  HIGHEST GUST SPEED    25   HIGHEST GUST DIRECTION    SE (130)
  AVERAGE WIND SPEED     9.1


SKY COVER
  AVERAGE SKY COVER 0.3


WEATHER CONDITIONS
 THE FOLLOWING WEATHER WAS RECORDED YESTERDAY.
  LIGHT RAIN


RELATIVE HUMIDITY (PERCENT)
 HIGHEST    86           800 PM
 LOWEST     37          1200 PM
 AVERAGE    62

..........................................................


THE RAPID CITY AIRPORT SD CLIMATE NORMALS FOR TODAY
                         NORMAL    RECORD    YEAR
 MAXIMUM TEMPERATURE (F)   62        86      1962
 MINIMUM TEMPERATURE (F)   35        22      2002


SUNRISE AND SUNSET
APRIL 25 2015.........SUNRISE   553 AM MDT   SUNSET   748 PM MDT
APRIL 26 2015.........SUNRISE   552 AM MDT   SUNSET   749 PM MDT


-  INDICATES NEGATIVE NUMBERS.
R  INDICATES RECORD WAS SET OR TIED.
MM INDICATES DATA IS MISSING.
T  INDICATES TRACE AMOUNT.




$$
