000
CDUS41 KPHI 280629
CLIRDG


CLIMATE REPORT
NATIONAL WEATHER SERVICE MOUNT HOLLY NJ
229 AM EDT TUE APR 28 2015


...................................

...THE READING PA CLIMATE SUMMARY FOR APRIL 27 2015...

CLIMATE NORMAL PERIOD 1981 TO 2010
CLIMATE RECORD PERIOD 1869 TO 2015


WEATHER ITEM   OBSERVED TIME   RECORD YEAR NORMAL DEPARTURE LAST
                VALUE   (LST)  VALUE       VALUE  FROM      YEAR
                                                  NORMAL
..................................................................
TEMPERATURE (F)
 YESTERDAY
  MAXIMUM         57   1144 AM  92    2009  67    -10       61
                                      1915
  MINIMUM         40    113 AM  33    1987  44     -4       41
  AVERAGE         49                        55     -6       51

PRECIPITATION (IN)
  YESTERDAY        0.00          1.49 1928   0.11  -0.11     0.00
  MONTH TO DATE    1.69                      3.43  -1.74     2.82
  SINCE MAR 1      6.51                      6.91  -0.40     4.99
  SINCE JAN 1     10.25                     12.44  -2.19    11.67

SNOWFALL (IN)
  YESTERDAY       MM            MM      MM  MM     MM       MM
  MONTH TO DATE   MM                        MM     MM       MM
  SINCE MAR 1     MM                        MM     MM       MM
  SINCE JUL 1     MM                        MM     MM       MM
  SNOW DEPTH      MM

DEGREE DAYS
 HEATING
  YESTERDAY       16                        10      6       14
  MONTH TO DATE  351                       382    -31      367
  SINCE MAR 1   1271                      1125    146     1284
  SINCE JUL 1   5576                      5167    409     5594

 COOLING
  YESTERDAY        0                         0      0        0
  MONTH TO DATE    0                         0      0        9
  SINCE MAR 1      0                         0      0        9
  SINCE JAN 1      0                         0      0        9
..................................................................


WIND (MPH)
  HIGHEST WIND SPEED    18   HIGHEST WIND DIRECTION    NW (320)
  HIGHEST GUST SPEED    23   HIGHEST GUST DIRECTION    NW (330)
  AVERAGE WIND SPEED     8.5


SKY COVER
  POSSIBLE SUNSHINE  MM
  AVERAGE SKY COVER 0.8


WEATHER CONDITIONS
 THE FOLLOWING WEATHER WAS RECORDED YESTERDAY.
  NO SIGNIFICANT WEATHER WAS OBSERVED.


RELATIVE HUMIDITY (PERCENT)
 HIGHEST    70           300 AM
 LOWEST     38           300 PM
 AVERAGE    54

..........................................................


THE READING PA CLIMATE NORMALS FOR TODAY
                         NORMAL    RECORD    YEAR
 MAXIMUM TEMPERATURE (F)   67        90      1990
                                             1957
 MINIMUM TEMPERATURE (F)   44        28      1972


SUNRISE AND SUNSET
APRIL 28 2015.........SUNRISE   607 AM EDT   SUNSET   756 PM EDT
APRIL 29 2015.........SUNRISE   606 AM EDT   SUNSET   757 PM EDT


-  INDICATES NEGATIVE NUMBERS.
R  INDICATES RECORD WAS SET OR TIED.
MM INDICATES DATA IS MISSING.
T  INDICATES TRACE AMOUNT.




$$
