000
CDUS43 KGRB 270651
CLIRHI


CLIMATE REPORT
NATIONAL WEATHER SERVICE GREEN BAY
150 AM CDT MON APR 27 2015


...................................

...THE RHINELANDER WI CLIMATE SUMMARY FOR APRIL 26 2015...

CLIMATE NORMAL PERIOD 1981 TO 2010
CLIMATE RECORD PERIOD 1908 TO 2015


WEATHER ITEM   OBSERVED TIME   RECORD YEAR NORMAL DEPARTURE LAST
                VALUE   (LST)  VALUE       VALUE  FROM      YEAR
                                                  NORMAL
..................................................................
TEMPERATURE (F)
 YESTERDAY
  MAXIMUM         57    323 PM  85    1962  59     -2       46
  MINIMUM         26    331 AM  18    1919  34     -8       30
  AVERAGE         42                        46     -4       38

PRECIPITATION (IN)
  YESTERDAY        0.00          1.30 1954   0.10  -0.10     0.00
                                      1921
  MONTH TO DATE    3.25                      2.18   1.07     3.78
  SINCE MAR 1      4.02                      3.75   0.27     4.54
  SINCE JAN 1      4.91                      5.79  -0.88     7.15

SNOWFALL (IN)
  YESTERDAY        0.0           4.0  1965  MM     MM        0.0
  MONTH TO DATE   13.9                      MM     MM       27.1
  SINCE MAR 1     20.4                      MM     MM       36.7
  SINCE JUL 1     89.3                      MM     MM      109.2
  SNOW DEPTH       0

DEGREE DAYS
 HEATING
  YESTERDAY       23                        19      4       27
  MONTH TO DATE  612                       632    -20      797
  SINCE MAR 1   1742                      1805    -63     2236
  SINCE JUL 1   9083                      8427    656     9865

 COOLING
  YESTERDAY        0                         0      0        0
  MONTH TO DATE    0                         0      0        0
  SINCE MAR 1      0                         0      0        0
  SINCE JAN 1      0                         0      0        0
..................................................................


WIND (MPH)
  HIGHEST WIND SPEED    15   HIGHEST WIND DIRECTION     N (350)
  HIGHEST GUST SPEED    21   HIGHEST GUST DIRECTION    NE (30)
  AVERAGE WIND SPEED     6.4


SKY COVER
  POSSIBLE SUNSHINE  MM
  AVERAGE SKY COVER 0.0


WEATHER CONDITIONS
 THE FOLLOWING WEATHER WAS RECORDED YESTERDAY.
  NO SIGNIFICANT WEATHER WAS OBSERVED.


RELATIVE HUMIDITY (PERCENT)
 HIGHEST    75           500 AM
 LOWEST     22           100 PM
 AVERAGE    49

..........................................................


THE RHINELANDER WI CLIMATE NORMALS FOR TODAY
                         NORMAL    RECORD    YEAR
 MAXIMUM TEMPERATURE (F)   59        83      1986
                                             1952
 MINIMUM TEMPERATURE (F)   34        19      2012


SUNRISE AND SUNSET
APRIL 27 2015.........SUNRISE   552 AM CDT   SUNSET   759 PM CDT
APRIL 28 2015.........SUNRISE   551 AM CDT   SUNSET   801 PM CDT


-  INDICATES NEGATIVE NUMBERS.
R  INDICATES RECORD WAS SET OR TIED.
MM INDICATES DATA IS MISSING.
T  INDICATES TRACE AMOUNT.




$$
