000
CDUS45 KRIW 070033
CLIRIW


CLIMATE REPORT
NATIONAL WEATHER SERVICE RIVERTON WY
632 PM MDT WED MAY 6 2015


...................................

...THE RIVERTON WY CLIMATE SUMMARY FOR MAY 6 2015...
VALID TODAY AS OF 0500 PM LOCAL TIME.

CLIMATE NORMAL PERIOD 1981 TO 2010
CLIMATE RECORD PERIOD 1995 TO 2015


WEATHER ITEM   OBSERVED TIME   RECORD YEAR NORMAL DEPARTURE LAST
                VALUE   (LST)  VALUE       VALUE  FROM      YEAR
                                                  NORMAL
..................................................................
TEMPERATURE (F)
 TODAY
  MAXIMUM         55   1200 AM  82    2004  64     -9       63
  MINIMUM         48        MM  26    1999  37     11       35
  AVERAGE         52                        51      1       49

PRECIPITATION (IN)
  TODAY            0.21          0.46 1998   0.05   0.16     0.15
  MONTH TO DATE    0.22                      0.34  -0.12     0.15
  SINCE MAR 1      1.45                      2.19  -0.74     0.87
  SINCE JAN 1      2.52                      2.70  -0.18     1.77

SNOWFALL (IN)
  TODAY            0.0                                        T
  MONTH TO DATE    0.0                                        T
  SINCE MAR 1     10.0                                       3.9
  SINCE JUL 1     38.6                                      53.1
  SNOW DEPTH       0

DEGREE DAYS
 HEATING
  TODAY           13                        14     -1       16
  MONTH TO DATE   50                        91    -41       61
  SINCE MAR 1   1415                      1633   -218     1596
  SINCE JUL 1   6808                      7487   -679     7477

 COOLING
  TODAY            0                         0      0        0
  MONTH TO DATE    0                         0      0        0
  SINCE MAR 1      0                         0      0        0
  SINCE JAN 1      0                         0      0        0
..................................................................


WIND (MPH)
  HIGHEST WIND SPEED    17   HIGHEST WIND DIRECTION     N (360)
  HIGHEST GUST SPEED    MM   HIGHEST GUST DIRECTION    MM
  AVERAGE WIND SPEED    11.5


SKY COVER
  POSSIBLE SUNSHINE  MM
  AVERAGE SKY COVER 0.9


WEATHER CONDITIONS
 THE FOLLOWING WEATHER WAS RECORDED TODAY.
  LIGHT RAIN
  FOG


RELATIVE HUMIDITY (PERCENT)
 HIGHEST    93           700 AM
 LOWEST     66           200 AM
 AVERAGE    80

..........................................................


THE RIVERTON WY CLIMATE NORMALS FOR TOMORROW
                         NORMAL    RECORD    YEAR
 MAXIMUM TEMPERATURE (F)   64        80      2004
 MINIMUM TEMPERATURE (F)   38        23      2010


SUNRISE AND SUNSET
MAY  6 2015...........SUNRISE   601 AM MDT   SUNSET   820 PM MDT
MAY  7 2015...........SUNRISE   600 AM MDT   SUNSET   822 PM MDT


-  INDICATES NEGATIVE NUMBERS.
R  INDICATES RECORD WAS SET OR TIED.
MM INDICATES DATA IS MISSING.
T  INDICATES TRACE AMOUNT.




$$
