000
CDUS45 KRIW 070033
CLIRKS


CLIMATE REPORT
NATIONAL WEATHER SERVICE RIVERTON WY
632 PM MDT WED MAY 6 2015


...................................

...THE ROCK SPRINGS WY CLIMATE SUMMARY FOR MAY 6 2015...
VALID TODAY AS OF 0500 PM LOCAL TIME.

CLIMATE NORMAL PERIOD 1981 TO 2010
CLIMATE RECORD PERIOD 1948 TO 2015


WEATHER ITEM   OBSERVED TIME   RECORD YEAR NORMAL DEPARTURE LAST
                VALUE   (LST)  VALUE       VALUE  FROM      YEAR
                                                  NORMAL
..................................................................
TEMPERATURE (F)
 TODAY
  MAXIMUM         59    100 PM  81    1966  60     -1       69
  MINIMUM         45    500 AM  19    1965  35     10       41
  AVERAGE         52                        48      4       55

PRECIPITATION (IN)
  TODAY            T                         0.04  -0.04     0.00
  MONTH TO DATE    0.02                      0.24  -0.22     0.00
  SINCE MAR 1      0.91                      1.83  -0.92     0.67
  SINCE JAN 1      1.00                      2.76  -1.76     0.82

DEGREE DAYS
 HEATING
  TODAY           13                        17     -4       10
  MONTH TO DATE   67                       109    -42       56
  SINCE MAR 1   1512                      1789   -277     1599
  SINCE JUL 1   6625                      7641  -1016     7051

 COOLING
  TODAY            0                         0      0        0
  MONTH TO DATE    0                         0      0        0
  SINCE MAR 1      0                         0      0        0
  SINCE JAN 1      0                         0      0        0
..................................................................


WIND (MPH)
  HIGHEST WIND SPEED    18   HIGHEST WIND DIRECTION     W (250)
  HIGHEST GUST SPEED    25   HIGHEST GUST DIRECTION     W (250)
  AVERAGE WIND SPEED    13.9


SKY COVER
  POSSIBLE SUNSHINE  MM
  AVERAGE SKY COVER 0.6


WEATHER CONDITIONS
 THE FOLLOWING WEATHER WAS RECORDED TODAY.
  LIGHT RAIN


RELATIVE HUMIDITY (PERCENT)
 HIGHEST    86           400 AM
 LOWEST     33           100 PM
 AVERAGE    60

..........................................................


THE ROCK SPRINGS WY CLIMATE NORMALS FOR TOMORROW
                         NORMAL    RECORD    YEAR
 MAXIMUM TEMPERATURE (F)   61        80      1966
 MINIMUM TEMPERATURE (F)   35        18      2010


SUNRISE AND SUNSET
MAY  6 2015...........SUNRISE   607 AM MDT   SUNSET   819 PM MDT
MAY  7 2015...........SUNRISE   606 AM MDT   SUNSET   820 PM MDT


-  INDICATES NEGATIVE NUMBERS.
R  INDICATES RECORD WAS SET OR TIED.
MM INDICATES DATA IS MISSING.
T  INDICATES TRACE AMOUNT.




$$
