000
CDUS41 KRNK 190548
CLIRNK


CLIMATE REPORT
NATIONAL WEATHER SERVICE BLACKSBURG VA
147 AM EDT SUN APR 19 2015


...................................

...THE BLACKSBURG VA CLIMATE SUMMARY FOR APRIL 18 2015...

CLIMATE NORMAL PERIOD 1981 TO 2010
CLIMATE RECORD PERIOD 1952 TO 2015


WEATHER ITEM   OBSERVED TIME   RECORD YEAR NORMAL DEPARTURE LAST
                VALUE   (LST)  VALUE       VALUE  FROM      YEAR
                                                  NORMAL
..................................................................
TEMPERATURE (F)
 YESTERDAY
  MAXIMUM         79        MM  85    1976  64     15       56
  MINIMUM         49        MM  24    1983  39     10       33
  AVERAGE         64                        52     12       45

PRECIPITATION (IN)
  YESTERDAY        0.00          1.94 2000   0.12  -0.12     0.00
  MONTH TO DATE    2.87                      2.09   0.78     1.97
  SINCE MAR 1      7.43                      5.73   1.70     4.39
  SINCE JAN 1     10.85                     11.62  -0.77    10.02

SNOWFALL (IN)
  YESTERDAY        0.0
  MONTH TO DATE    0.0
  SINCE MAR 1      4.4
  SINCE JUL 1     27.8
  SNOW DEPTH       0

DEGREE DAYS
 HEATING
  YESTERDAY        1                        14    -13       20
  MONTH TO DATE  175                       290   -115      248
  SINCE MAR 1    838                      1017   -179     1035
  SINCE JUL 1   4964                      5065   -101     5216

 COOLING
  YESTERDAY        0                         0      0        0
  MONTH TO DATE    0                         0      0        0
  SINCE MAR 1      0                         0      0        0
  SINCE JAN 1      0                         0      0        0
..................................................................


WIND (MPH)
  HIGHEST WIND SPEED     8   HIGHEST WIND DIRECTION    SE (120)
  HIGHEST GUST SPEED    MM   HIGHEST GUST DIRECTION    MM
  AVERAGE WIND SPEED     2.9


SKY COVER
  POSSIBLE SUNSHINE  MM
  AVERAGE SKY COVER 0.3


WEATHER CONDITIONS
 THE FOLLOWING WEATHER WAS RECORDED YESTERDAY.
  FOG


RELATIVE HUMIDITY (PERCENT)
 HIGHEST    96           200 AM
 LOWEST     33           300 PM
 AVERAGE    65

..........................................................


THE BLACKSBURG VA CLIMATE NORMALS FOR TODAY
                         NORMAL    RECORD    YEAR
 MAXIMUM TEMPERATURE (F)   65        86      1976
 MINIMUM TEMPERATURE (F)   39        18      1983


SUNRISE AND SUNSET
APRIL 19 2015.........SUNRISE   642 AM EDT   SUNSET   800 PM EDT
APRIL 20 2015.........SUNRISE   641 AM EDT   SUNSET   801 PM EDT


-  INDICATES NEGATIVE NUMBERS.
R  INDICATES RECORD WAS SET OR TIED.
MM INDICATES DATA IS MISSING.
T  INDICATES TRACE AMOUNT.




$$
