000
CDUS41 KRNK 190549
CLIROA


CLIMATE REPORT
NATIONAL WEATHER SERVICE BLACKSBURG VA
147 AM EDT SUN APR 19 2015


...................................

...THE ROANOKE VA CLIMATE SUMMARY FOR APRIL 18 2015...

CLIMATE NORMAL PERIOD 1981 TO 2010
CLIMATE RECORD PERIOD 1912 TO 2015


WEATHER ITEM   OBSERVED TIME   RECORD YEAR NORMAL DEPARTURE LAST
                VALUE   (LST)  VALUE       VALUE  FROM      YEAR
                                                  NORMAL
..................................................................
TEMPERATURE (F)
 YESTERDAY
  MAXIMUM         80    317 PM  91    1976  69     11       53
                                      1937
  MINIMUM         53    625 AM  27    1951  46      7       38
  AVERAGE         67                        57     10       46

PRECIPITATION (IN)
  YESTERDAY        0.00          0.97 1924   0.11  -0.11     0.00
  MONTH TO DATE    2.15                      2.01   0.14     2.18
  SINCE MAR 1      6.47                      5.47   1.00     4.94
  SINCE JAN 1     10.39                     11.28  -0.89    11.22

SNOWFALL (IN)
  YESTERDAY        0.0
  MONTH TO DATE    0.0
  SINCE MAR 1      1.9
  SINCE JUL 1     21.7
  SNOW DEPTH       0

DEGREE DAYS
 HEATING
  YESTERDAY        0                         8     -8       19
  MONTH TO DATE  115                       191    -76      176
  SINCE MAR 1    659                       743    -84      826
  SINCE JUL 1   4088                      3948    140     4228

 COOLING
  YESTERDAY        2                         1      1        0
  MONTH TO DATE    6                        10     -4        8
  SINCE MAR 1      6                        15     -9        8
  SINCE JAN 1      6                        15     -9        8
..................................................................


WIND (MPH)
  HIGHEST WIND SPEED    13   HIGHEST WIND DIRECTION     N (20)
  HIGHEST GUST SPEED    16   HIGHEST GUST DIRECTION     N (20)
  AVERAGE WIND SPEED     4.1


SKY COVER
  POSSIBLE SUNSHINE  MM
  AVERAGE SKY COVER 0.4


WEATHER CONDITIONS
 THE FOLLOWING WEATHER WAS RECORDED YESTERDAY.
  NO SIGNIFICANT WEATHER WAS OBSERVED.


RELATIVE HUMIDITY (PERCENT)
 HIGHEST   100           400 AM
 LOWEST     39           200 PM
 AVERAGE    70

..........................................................


THE ROANOKE VA CLIMATE NORMALS FOR TODAY
                         NORMAL    RECORD    YEAR
 MAXIMUM TEMPERATURE (F)   69        91      1995
                                             1976
 MINIMUM TEMPERATURE (F)   46        28      1983


SUNRISE AND SUNSET
APRIL 19 2015.........SUNRISE   640 AM EDT   SUNSET   758 PM EDT
APRIL 20 2015.........SUNRISE   639 AM EDT   SUNSET   759 PM EDT


-  INDICATES NEGATIVE NUMBERS.
R  INDICATES RECORD WAS SET OR TIED.
MM INDICATES DATA IS MISSING.
T  INDICATES TRACE AMOUNT.




$$
