000
CDUS46 KLOX 040913
CLISDB


CLIMATE REPORT
NATIONAL WEATHER SERVICE LOS ANGELES/OXNARD CA
213 AM PDT MON MAY 4 2015


...................................

...THE SANDBERG CA CLIMATE SUMMARY FOR MAY 3 2015...

CLIMATE NORMAL PERIOD 1981 TO 2010
CLIMATE RECORD PERIOD 1934 TO 2015


WEATHER ITEM   OBSERVED TIME   RECORD YEAR NORMAL DEPARTURE LAST
                VALUE   (LST)  VALUE       VALUE  FROM      YEAR
                                                  NORMAL
..................................................................
TEMPERATURE (F)
 YESTERDAY
  MAXIMUM         74    225 PM  99    2014  63     11       82
  MINIMUM         56   1100 PM  29    1964  46     10       57
  AVERAGE         65                        54     11       70

PRECIPITATION (IN)
  YESTERDAY        0.00          0.76 2003   0.02  -0.02     0.00
  MONTH TO DATE    0.00                      0.07  -0.07     0.00
  SINCE OCT 1      7.02                     11.71  -4.69     4.28
  SINCE JAN 1      2.12                      8.08  -5.96     3.58

DEGREE DAYS
 HEATING
  YESTERDAY        0                        11    -11        0
  MONTH TO DATE    0                        33    -33        0
  SINCE MAR 1    506                      1049   -543      608
  SINCE JUL 1   2137                      3808  -1671     2393

 COOLING
  YESTERDAY        0                         1     -1        5
  MONTH TO DATE    8                         1      7       17
  SINCE MAR 1     63                         9     54       41
  SINCE JAN 1     66                         9     57       48
..................................................................


WIND (MPH)
  HIGHEST WIND SPEED    24   HIGHEST WIND DIRECTION     N (350)
  HIGHEST GUST SPEED    30   HIGHEST GUST DIRECTION     N (340)
  AVERAGE WIND SPEED    11.1


SKY COVER
  POSSIBLE SUNSHINE  MM
  AVERAGE SKY COVER 0.0


WEATHER CONDITIONS
 THE FOLLOWING WEATHER WAS RECORDED YESTERDAY.
  NO SIGNIFICANT WEATHER WAS OBSERVED.


RELATIVE HUMIDITY (PERCENT)
 HIGHEST    40          1100 PM
 LOWEST     23          1100 AM
 AVERAGE    32

..........................................................


THE SANDBERG CA CLIMATE NORMALS FOR TODAY
                         NORMAL    RECORD    YEAR
 MAXIMUM TEMPERATURE (F)   64        86      1947
                                             1989
 MINIMUM TEMPERATURE (F)   46        26      1975


SUNRISE AND SUNSET
MAY  4 2015...........SUNRISE   602 AM PDT   SUNSET   742 PM PDT
MAY  5 2015...........SUNRISE   601 AM PDT   SUNSET   743 PM PDT


-  INDICATES NEGATIVE NUMBERS.
R  INDICATES RECORD WAS SET OR TIED.
MM INDICATES DATA IS MISSING.
T  INDICATES TRACE AMOUNT.




$$
